000
CDUS43 KMPX 290641
CLIMSP


CLIMATE REPORT
NATIONAL WEATHER SERVICE CHANHASSEN MN
141 AM CDT WED APR 29 2015


...................................

...THE TWIN CITIES MN CLIMATE SUMMARY FOR APRIL 28 2015...

CLIMATE NORMAL PERIOD 1981 TO 2010
CLIMATE RECORD PERIOD 1871 TO 2015


WEATHER ITEM   OBSERVED TIME   RECORD YEAR NORMAL DEPARTURE LAST
                VALUE   (LST)  VALUE       VALUE  FROM      YEAR
                                                  NORMAL
..................................................................
TEMPERATURE (F)
 YESTERDAY
  MAXIMUM         65    524 PM  91    2004  64      1       45
  MINIMUM         44    424 AM  26    1965  43      1       41
                                      1958
                                      1907
  AVERAGE         55                        53      2       43

PRECIPITATION (IN)
  YESTERDAY        0.00          1.21 1888   0.11  -0.11     0.70
  MONTH TO DATE    2.42                      2.44  -0.02     5.64
  SINCE MAR 1      3.09                      4.33  -1.24     6.46
  SINCE JAN 1      3.78                      6.00  -2.22     9.29

SNOWFALL (IN)
  YESTERDAY        0.0           4.5  1907   0.0    0.0      0.0
                                      1994
  MONTH TO DATE    0.3                       2.3   -2.0      7.0
  SINCE MAR 1      7.1                      12.6   -5.5     11.7
  SINCE JUL 1     32.4                      54.3  -21.9     69.8
  SNOW DEPTH       0

DEGREE DAYS
 HEATING
  YESTERDAY       10                        12     -2       22
  MONTH TO DATE  435                       508    -73      611
  SINCE MAR 1   1341                      1506   -165     1828
  SINCE JUL 1   7306                      7296     10     8281

 COOLING
  YESTERDAY        0                         0      0        0
  MONTH TO DATE    0                         0      0        0
  SINCE MAR 1      0                         0      0        0
  SINCE JAN 1      0                         0      0        0
..................................................................


WIND (MPH)
  HIGHEST WIND SPEED    18   HIGHEST WIND DIRECTION    NW (310)
  HIGHEST GUST SPEED    25   HIGHEST GUST DIRECTION     N (10)
  AVERAGE WIND SPEED     8.1


SKY COVER
  POSSIBLE SUNSHINE  MM
  AVERAGE SKY COVER 0.7


WEATHER CONDITIONS
 THE FOLLOWING WEATHER WAS RECORDED YESTERDAY.
  NO SIGNIFICANT WEATHER WAS OBSERVED.


RELATIVE HUMIDITY (PERCENT)
 HIGHEST    71           200 AM
 LOWEST     40          1100 PM
 AVERAGE    56

..........................................................


THE TWIN CITIES MN CLIMATE NORMALS FOR TODAY
                         NORMAL    RECORD    YEAR
 MAXIMUM TEMPERATURE (F)   64        92      1952
 MINIMUM TEMPERATURE (F)   43        22      1958


SUNRISE AND SUNSET
APRIL 29 2015.........SUNRISE   606 AM CDT   SUNSET   815 PM CDT
APRIL 30 2015.........SUNRISE   604 AM CDT   SUNSET   817 PM CDT


-  INDICATES NEGATIVE NUMBERS.
R  INDICATES RECORD WAS SET OR TIED.
MM INDICATES DATA IS MISSING.
T  INDICATES TRACE AMOUNT.




$$
