000
CDUS43 KMPX 160832
CLIMSP


CLIMATE REPORT
NATIONAL WEATHER SERVICE CHANHASSEN MN
331 AM CDT THU APR 16 2015


...................................

...THE TWIN CITIES MN CLIMATE SUMMARY FOR APRIL 15 2015...

CLIMATE NORMAL PERIOD 1981 TO 2010
CLIMATE RECORD PERIOD 1871 TO 2015


WEATHER ITEM   OBSERVED TIME   RECORD YEAR NORMAL DEPARTURE LAST
                VALUE   (LST)  VALUE       VALUE  FROM      YEAR
                                                  NORMAL
..................................................................
TEMPERATURE (F)
 YESTERDAY
  MAXIMUM         70    301 PM  91    2002  58     12       36
  MINIMUM         45    553 AM  18    2014  37      8       18
                                      1875
                                      1935
  AVERAGE         58                        47     11       27

PRECIPITATION (IN)
  YESTERDAY        0.00          1.19 2012   0.09  -0.09     0.00
  MONTH TO DATE    1.82                      1.20   0.62     0.95
  SINCE MAR 1      2.49                      3.09  -0.60     1.77
  SINCE JAN 1      3.18                      4.76  -1.58     4.60

SNOWFALL (IN)
  YESTERDAY        0.0           2.0  1961   0.1   -0.1      0.0
  MONTH TO DATE    0.3                       1.6   -1.3      6.7
  SINCE MAR 1      7.1                      11.9   -4.8     11.4
  SINCE JUL 1     32.4                      53.6  -21.2     69.5
  SNOW DEPTH       0

DEGREE DAYS
 HEATING
  YESTERDAY        7                        18    -11       38
  MONTH TO DATE  250                       319    -69      360
  SINCE MAR 1   1156                      1317   -161     1577
  SINCE JUL 1   7121                      7107     14     8030

 COOLING
  YESTERDAY        0                         0      0        0
  MONTH TO DATE    0                         0      0        0
  SINCE MAR 1      0                         0      0        0
  SINCE JAN 1      0                         0      0        0
..................................................................


WIND (MPH)
  HIGHEST WIND SPEED    25   HIGHEST WIND DIRECTION     S (160)
  HIGHEST GUST SPEED    34   HIGHEST GUST DIRECTION     S (180)
  AVERAGE WIND SPEED    11.1


SKY COVER
  POSSIBLE SUNSHINE  MM
  AVERAGE SKY COVER 0.5


WEATHER CONDITIONS
 THE FOLLOWING WEATHER WAS RECORDED YESTERDAY.
  NO SIGNIFICANT WEATHER WAS OBSERVED.


RELATIVE HUMIDITY (PERCENT)
 HIGHEST    53           600 AM
 LOWEST     16           200 PM
 AVERAGE    35

..........................................................


THE TWIN CITIES MN CLIMATE NORMALS FOR TODAY
                         NORMAL    RECORD    YEAR
 MAXIMUM TEMPERATURE (F)   58        88      1964
 MINIMUM TEMPERATURE (F)   38        10      1875


SUNRISE AND SUNSET
APRIL 16 2015.........SUNRISE   627 AM CDT   SUNSET   759 PM CDT
APRIL 17 2015.........SUNRISE   625 AM CDT   SUNSET   800 PM CDT


-  INDICATES NEGATIVE NUMBERS.
R  INDICATES RECORD WAS SET OR TIED.
MM INDICATES DATA IS MISSING.
T  INDICATES TRACE AMOUNT.




$$
