000
CDUS43 KMPX 062132
CLIMSP


CLIMATE REPORT
NATIONAL WEATHER SERVICE CHANHASSEN MN
432 PM CDT WED MAY 6 2015


...................................

...THE TWIN CITIES MN CLIMATE SUMMARY FOR MAY 6 2015...
VALID AS OF 0400 PM LOCAL TIME.

CLIMATE NORMAL PERIOD 1981 TO 2010
CLIMATE RECORD PERIOD 1871 TO 2015


WEATHER ITEM   OBSERVED TIME   RECORD YEAR NORMAL DEPARTURE LAST
                VALUE   (LST)  VALUE       VALUE  FROM      YEAR
                                                  NORMAL
..................................................................
TEMPERATURE (F)
 TODAY
  MAXIMUM         77    249 PM  89    1934  67     10       65
                                      1896
  MINIMUM         56    725 AM  25    1989  46     10       47
  AVERAGE         67                        56     11       56

PRECIPITATION (IN)
  TODAY            T             1.51 1939   0.11  -0.11     0.00
  MONTH TO DATE    0.08                      0.66  -0.58     0.04
  SINCE MAR 1      3.17                      5.21  -2.04     7.13
  SINCE JAN 1      3.86                      6.88  -3.02     9.96

SNOWFALL (IN)
  TODAY            0.0           0.3  1885   0.0    0.0      0.0
  MONTH TO DATE    0.0                       0.0    0.0      0.0
  SINCE MAR 1      7.1                      12.7   -5.6     11.7
  SINCE JUL 1     32.4                      54.4  -22.0     69.8
  SNOW DEPTH       0

DEGREE DAYS
 HEATING
  TODAY            0                         9     -9        9
  MONTH TO DATE   15                        61    -46       85
  SINCE MAR 1   1372                      1589   -217     1964
  SINCE JUL 1   7337                      7379    -42     8417

 COOLING
  TODAY            2                         1      1        0
  MONTH TO DATE    8                         4      4        0
  SINCE MAR 1      8                         9     -1        0
  SINCE JAN 1      8                         9     -1        0
..................................................................


WIND (MPH)
  HIGHEST WIND SPEED    23   HIGHEST WIND DIRECTION     E (100)
  HIGHEST GUST SPEED    28   HIGHEST GUST DIRECTION    SE (120)
  AVERAGE WIND SPEED    13.4


SKY COVER
  POSSIBLE SUNSHINE  MM
  AVERAGE SKY COVER 1.0


WEATHER CONDITIONS
 THE FOLLOWING WEATHER WAS RECORDED TODAY.
  FOG
  HAZE


RELATIVE HUMIDITY (PERCENT)
 HIGHEST   100           700 AM
 LOWEST     54           300 PM
 AVERAGE    77

..........................................................


THE TWIN CITIES MN CLIMATE NORMALS FOR TOMORROW
                         NORMAL    RECORD    YEAR
 MAXIMUM TEMPERATURE (F)   67        92      1963
 MINIMUM TEMPERATURE (F)   46        27      1885


SUNRISE AND SUNSET
MAY  6 2015...........SUNRISE   556 AM CDT   SUNSET   824 PM CDT
MAY  7 2015...........SUNRISE   554 AM CDT   SUNSET   825 PM CDT


-  INDICATES NEGATIVE NUMBERS.
R  INDICATES RECORD WAS SET OR TIED.
MM INDICATES DATA IS MISSING.
T  INDICATES TRACE AMOUNT.




$$
