000
CDUS43 KMPX 280626
CLIMSP


CLIMATE REPORT
NATIONAL WEATHER SERVICE CHANHASSEN MN
124 AM CDT TUE APR 28 2015


...................................

...THE TWIN CITIES MN CLIMATE SUMMARY FOR APRIL 27 2015...

CLIMATE NORMAL PERIOD 1981 TO 2010
CLIMATE RECORD PERIOD 1871 TO 2015


WEATHER ITEM   OBSERVED TIME   RECORD YEAR NORMAL DEPARTURE LAST
                VALUE   (LST)  VALUE       VALUE  FROM      YEAR
                                                  NORMAL
..................................................................
TEMPERATURE (F)
 YESTERDAY
  MAXIMUM         69    459 PM  85    1977  63      6       45
                                      1970
                                      1952
  MINIMUM         39    504 AM  21    1909  42     -3       38
  AVERAGE         54                        53      1       42

PRECIPITATION (IN)
  YESTERDAY        0.00          2.22 1975   0.10  -0.10     1.76
  MONTH TO DATE    2.42                      2.33   0.09     4.94
  SINCE MAR 1      3.09                      4.22  -1.13     5.76
  SINCE JAN 1      3.78                      5.89  -2.11     8.59

SNOWFALL (IN)
  YESTERDAY        0.0           8.5  1907   0.1   -0.1      0.0
  MONTH TO DATE    0.3                       2.3   -2.0      7.0
  SINCE MAR 1      7.1                      12.6   -5.5     11.7
  SINCE JUL 1     32.4                      54.3  -21.9     69.8
  SNOW DEPTH       0

DEGREE DAYS
 HEATING
  YESTERDAY       11                        12     -1       23
  MONTH TO DATE  425                       496    -71      589
  SINCE MAR 1   1331                      1494   -163     1806
  SINCE JUL 1   7296                      7284     12     8259

 COOLING
  YESTERDAY        0                         0      0        0
  MONTH TO DATE    0                         0      0        0
  SINCE MAR 1      0                         0      0        0
  SINCE JAN 1      0                         0      0        0
..................................................................


WIND (MPH)
  HIGHEST WIND SPEED    15   HIGHEST WIND DIRECTION     N (340)
  HIGHEST GUST SPEED    19   HIGHEST GUST DIRECTION    NW (330)
  AVERAGE WIND SPEED     3.9


SKY COVER
  POSSIBLE SUNSHINE  MM
  AVERAGE SKY COVER 0.2


WEATHER CONDITIONS
 THE FOLLOWING WEATHER WAS RECORDED YESTERDAY.
  NO SIGNIFICANT WEATHER WAS OBSERVED.


RELATIVE HUMIDITY (PERCENT)
 HIGHEST    76           400 AM
 LOWEST     18           400 PM
 AVERAGE    47

..........................................................


THE TWIN CITIES MN CLIMATE NORMALS FOR TODAY
                         NORMAL    RECORD    YEAR
 MAXIMUM TEMPERATURE (F)   64        91      2004
 MINIMUM TEMPERATURE (F)   43        26      1965
                                             1958
                                             1907


SUNRISE AND SUNSET
APRIL 28 2015.........SUNRISE   607 AM CDT   SUNSET   814 PM CDT
APRIL 29 2015.........SUNRISE   606 AM CDT   SUNSET   815 PM CDT


-  INDICATES NEGATIVE NUMBERS.
R  INDICATES RECORD WAS SET OR TIED.
MM INDICATES DATA IS MISSING.
T  INDICATES TRACE AMOUNT.




$$
