000
CDUS43 KMPX 110647
CLIMSP


CLIMATE REPORT
NATIONAL WEATHER SERVICE CHANHASSEN MN
147 AM CDT SAT APR 11 2015


...................................

...THE TWIN CITIES MN CLIMATE SUMMARY FOR APRIL 10 2015...

CLIMATE NORMAL PERIOD 1981 TO 2010
CLIMATE RECORD PERIOD 1871 TO 2015


WEATHER ITEM   OBSERVED TIME   RECORD YEAR NORMAL DEPARTURE LAST
                VALUE   (LST)  VALUE       VALUE  FROM      YEAR
                                                  NORMAL
..................................................................
TEMPERATURE (F)
 YESTERDAY
  MAXIMUM         56    530 PM  88    1977  55      1       62
  MINIMUM         32    550 AM  18    1962  35     -3       45
  AVERAGE         44                        45     -1       54

PRECIPITATION (IN)
  YESTERDAY        0.08          1.33 1883   0.09  -0.01      T
  MONTH TO DATE    1.16                      0.77   0.39     0.81
  SINCE MAR 1      1.83                      2.66  -0.83     1.63
  SINCE JAN 1      2.52                      4.33  -1.81     4.46

SNOWFALL (IN)
  YESTERDAY        0.2           6.0  1891   0.1    0.1      0.0
  MONTH TO DATE    0.3                       1.1   -0.8      6.7
  SINCE MAR 1      7.1                      11.4   -4.3     11.4
  SINCE JUL 1     32.4                      53.1  -20.7     69.5
  SNOW DEPTH       0

DEGREE DAYS
 HEATING
  YESTERDAY       21                        20      1       11
  MONTH TO DATE  209                       225    -16      234
  SINCE MAR 1   1115                      1223   -108     1451
  SINCE JUL 1   7080                      7013     67     7904

 COOLING
  YESTERDAY        0                         0      0        0
  MONTH TO DATE    0                         0      0        0
  SINCE MAR 1      0                         0      0        0
  SINCE JAN 1      0                         0      0        0
..................................................................


WIND (MPH)
  HIGHEST WIND SPEED    24   HIGHEST WIND DIRECTION     W (270)
  HIGHEST GUST SPEED    28   HIGHEST GUST DIRECTION     W (270)
  AVERAGE WIND SPEED     8.7


SKY COVER
  POSSIBLE SUNSHINE  MM
  AVERAGE SKY COVER 0.6


WEATHER CONDITIONS
 THE FOLLOWING WEATHER WAS RECORDED YESTERDAY.
  LIGHT RAIN
  SNOW
  LIGHT SNOW
  SLEET
  FOG


RELATIVE HUMIDITY (PERCENT)
 HIGHEST   100          1200 AM
 LOWEST     41           300 PM
 AVERAGE    71

..........................................................


THE TWIN CITIES MN CLIMATE NORMALS FOR TODAY
                         NORMAL    RECORD    YEAR
 MAXIMUM TEMPERATURE (F)   56        83      1968
                                             1890
 MINIMUM TEMPERATURE (F)   35        12      1940


SUNRISE AND SUNSET
APRIL 11 2015.........SUNRISE   636 AM CDT   SUNSET   753 PM CDT
APRIL 12 2015.........SUNRISE   634 AM CDT   SUNSET   754 PM CDT


-  INDICATES NEGATIVE NUMBERS.
R  INDICATES RECORD WAS SET OR TIED.
MM INDICATES DATA IS MISSING.
T  INDICATES TRACE AMOUNT.




$$
