000
CDUS43 KMPX 170822
CLIMSP


CLIMATE REPORT
NATIONAL WEATHER SERVICE CHANHASSEN MN
321 AM CDT FRI APR 17 2015


...................................

...THE TWIN CITIES MN CLIMATE SUMMARY FOR APRIL 16 2015...

CLIMATE NORMAL PERIOD 1981 TO 2010
CLIMATE RECORD PERIOD 1871 TO 2015


WEATHER ITEM   OBSERVED TIME   RECORD YEAR NORMAL DEPARTURE LAST
                VALUE   (LST)  VALUE       VALUE  FROM      YEAR
                                                  NORMAL
..................................................................
TEMPERATURE (F)
 YESTERDAY
  MAXIMUM         73    411 PM  88    1964  58     15       37
  MINIMUM         52    632 AM  10    1875  38     14       28
  AVERAGE         63                        48     15       33

PRECIPITATION (IN)
  YESTERDAY        T             1.04 2003   0.08  -0.08     0.68
  MONTH TO DATE    1.82                      1.28   0.54     1.63
  SINCE MAR 1      2.49                      3.17  -0.68     2.45
  SINCE JAN 1      3.18                      4.84  -1.66     5.28

SNOWFALL (IN)
  YESTERDAY        0.0           5.0  1961   0.0    0.0      0.3
  MONTH TO DATE    0.3                       1.6   -1.3      7.0
  SINCE MAR 1      7.1                      11.9   -4.8     11.7
  SINCE JUL 1     32.4                      53.6  -21.2     69.8
  SNOW DEPTH       0

DEGREE DAYS
 HEATING
  YESTERDAY        2                        17    -15       32
  MONTH TO DATE  252                       336    -84      392
  SINCE MAR 1   1158                      1334   -176     1609
  SINCE JUL 1   7123                      7124     -1     8062

 COOLING
  YESTERDAY        0                         0      0        0
  MONTH TO DATE    0                         0      0        0
  SINCE MAR 1      0                         0      0        0
  SINCE JAN 1      0                         0      0        0
..................................................................


WIND (MPH)
  HIGHEST WIND SPEED    15   HIGHEST WIND DIRECTION    SE (140)
  HIGHEST GUST SPEED    18   HIGHEST GUST DIRECTION     W (250)
  AVERAGE WIND SPEED     7.4


SKY COVER
  POSSIBLE SUNSHINE  MM
  AVERAGE SKY COVER 0.8


WEATHER CONDITIONS
 THE FOLLOWING WEATHER WAS RECORDED YESTERDAY.
  NO SIGNIFICANT WEATHER WAS OBSERVED.


RELATIVE HUMIDITY (PERCENT)
 HIGHEST    52          1000 PM
 LOWEST     28           100 PM
 AVERAGE    40

..........................................................


THE TWIN CITIES MN CLIMATE NORMALS FOR TODAY
                         NORMAL    RECORD    YEAR
 MAXIMUM TEMPERATURE (F)   59        85      1985
 MINIMUM TEMPERATURE (F)   38        10      1875


SUNRISE AND SUNSET
APRIL 17 2015.........SUNRISE   625 AM CDT   SUNSET   800 PM CDT
APRIL 18 2015.........SUNRISE   624 AM CDT   SUNSET   802 PM CDT


-  INDICATES NEGATIVE NUMBERS.
R  INDICATES RECORD WAS SET OR TIED.
MM INDICATES DATA IS MISSING.
T  INDICATES TRACE AMOUNT.




$$
