000
CDUS43 KMPX 130628
CLIMSP


CLIMATE REPORT
NATIONAL WEATHER SERVICE CHANHASSEN MN
124 AM CDT MON APR 13 2015


...................................

...THE TWIN CITIES MN CLIMATE SUMMARY FOR APRIL 12 2015...

CLIMATE NORMAL PERIOD 1981 TO 2010
CLIMATE RECORD PERIOD 1871 TO 2015


WEATHER ITEM   OBSERVED TIME   RECORD YEAR NORMAL DEPARTURE LAST
                VALUE   (LST)  VALUE       VALUE  FROM      YEAR
                                                  NORMAL
..................................................................
TEMPERATURE (F)
 YESTERDAY
  MAXIMUM         75    359 PM  83    1931  56     19       55
  MINIMUM         51   1159 PM  12    1962  36     15       44
  AVERAGE         63                        46     17       50

PRECIPITATION (IN)
  YESTERDAY        0.65          0.67 1983   0.08   0.57     0.14
  MONTH TO DATE    1.81                      0.93   0.88     0.95
  SINCE MAR 1      2.48                      2.82  -0.34     1.77
  SINCE JAN 1      3.17                      4.49  -1.32     4.60

SNOWFALL (IN)
  YESTERDAY        0.0           6.0  1962   0.1   -0.1      0.0
  MONTH TO DATE    0.3                       1.3   -1.0      6.7
  SINCE MAR 1      7.1                      11.6   -4.5     11.4
  SINCE JUL 1     32.4                      53.3  -20.9     69.5
  SNOW DEPTH       0

DEGREE DAYS
 HEATING
  YESTERDAY        2                        19    -17       15
  MONTH TO DATE  223                       264    -41      261
  SINCE MAR 1   1129                      1262   -133     1478
  SINCE JUL 1   7094                      7052     42     7931

 COOLING
  YESTERDAY        0                         0      0        0
  MONTH TO DATE    0                         0      0        0
  SINCE MAR 1      0                         0      0        0
  SINCE JAN 1      0                         0      0        0
..................................................................


WIND (MPH)
  HIGHEST WIND SPEED    31   HIGHEST WIND DIRECTION     S (170)
  HIGHEST GUST SPEED    41   HIGHEST GUST DIRECTION     S (170)
  AVERAGE WIND SPEED    17.0


SKY COVER
  POSSIBLE SUNSHINE  MM
  AVERAGE SKY COVER 0.5


WEATHER CONDITIONS
 THE FOLLOWING WEATHER WAS RECORDED YESTERDAY.
  THUNDERSTORM
  HEAVY RAIN
  RAIN
  LIGHT RAIN
  FOG


RELATIVE HUMIDITY (PERCENT)
 HIGHEST    93           900 PM
 LOWEST     33           400 PM
 AVERAGE    63

..........................................................


THE TWIN CITIES MN CLIMATE NORMALS FOR TODAY
                         NORMAL    RECORD    YEAR
 MAXIMUM TEMPERATURE (F)   57        84      2006
 MINIMUM TEMPERATURE (F)   36         2      1962


SUNRISE AND SUNSET
APRIL 13 2015.........SUNRISE   632 AM CDT   SUNSET   755 PM CDT
APRIL 14 2015.........SUNRISE   630 AM CDT   SUNSET   757 PM CDT


-  INDICATES NEGATIVE NUMBERS.
R  INDICATES RECORD WAS SET OR TIED.
MM INDICATES DATA IS MISSING.
T  INDICATES TRACE AMOUNT.




$$
