000
CDUS43 KMPX 230628
CLIMSP


CLIMATE REPORT
NATIONAL WEATHER SERVICE CHANHASSEN MN
127 AM CDT THU APR 23 2015


...................................

...THE TWIN CITIES MN CLIMATE SUMMARY FOR APRIL 22 2015...

CLIMATE NORMAL PERIOD 1981 TO 2010
CLIMATE RECORD PERIOD 1871 TO 2015


WEATHER ITEM   OBSERVED TIME   RECORD YEAR NORMAL DEPARTURE LAST
                VALUE   (LST)  VALUE       VALUE  FROM      YEAR
                                                  NORMAL
..................................................................
TEMPERATURE (F)
 YESTERDAY
  MAXIMUM         49    432 PM  90    1980  61    -12       59
  MINIMUM         32    605 AM  23    1874  40     -8       38
  AVERAGE         41                        51    -10       49

PRECIPITATION (IN)
  YESTERDAY        0.00          2.21 2001   0.09  -0.09     0.00
  MONTH TO DATE    2.08                      1.82   0.26     2.04
  SINCE MAR 1      2.75                      3.71  -0.96     2.86
  SINCE JAN 1      3.44                      5.38  -1.94     5.69

SNOWFALL (IN)
  YESTERDAY        0.0           5.4  1963   0.0    0.0      0.0
  MONTH TO DATE    0.3                       2.0   -1.7      7.0
  SINCE MAR 1      7.1                      12.3   -5.2     11.7
  SINCE JUL 1     32.4                      54.0  -21.6     69.8
  SNOW DEPTH       0

DEGREE DAYS
 HEATING
  YESTERDAY       24                        15      9       16
  MONTH TO DATE  346                       430    -84      488
  SINCE MAR 1   1252                      1428   -176     1705
  SINCE JUL 1   7217                      7218     -1     8158

 COOLING
  YESTERDAY        0                         0      0        0
  MONTH TO DATE    0                         0      0        0
  SINCE MAR 1      0                         0      0        0
  SINCE JAN 1      0                         0      0        0
..................................................................


WIND (MPH)
  HIGHEST WIND SPEED    28   HIGHEST WIND DIRECTION    NW (310)
  HIGHEST GUST SPEED    38   HIGHEST GUST DIRECTION    NW (320)
  AVERAGE WIND SPEED    15.7


SKY COVER
  POSSIBLE SUNSHINE  MM
  AVERAGE SKY COVER 0.3


WEATHER CONDITIONS
 THE FOLLOWING WEATHER WAS RECORDED YESTERDAY.
  NO SIGNIFICANT WEATHER WAS OBSERVED.


RELATIVE HUMIDITY (PERCENT)
 HIGHEST    64          1200 AM
 LOWEST     18           400 PM
 AVERAGE    41

..........................................................


THE TWIN CITIES MN CLIMATE NORMALS FOR TODAY
                         NORMAL    RECORD    YEAR
 MAXIMUM TEMPERATURE (F)   62        86      1990
 MINIMUM TEMPERATURE (F)   41        19      1910


SUNRISE AND SUNSET
APRIL 23 2015.........SUNRISE   615 AM CDT   SUNSET   808 PM CDT
APRIL 24 2015.........SUNRISE   614 AM CDT   SUNSET   809 PM CDT


-  INDICATES NEGATIVE NUMBERS.
R  INDICATES RECORD WAS SET OR TIED.
MM INDICATES DATA IS MISSING.
T  INDICATES TRACE AMOUNT.




$$
