000
CDUS43 KMPX 140626
CLIMSP


CLIMATE REPORT
NATIONAL WEATHER SERVICE CHANHASSEN MN
124 AM CDT TUE APR 14 2015


...................................

...THE TWIN CITIES MN CLIMATE SUMMARY FOR APRIL 13 2015...

CLIMATE NORMAL PERIOD 1981 TO 2010
CLIMATE RECORD PERIOD 1871 TO 2015


WEATHER ITEM   OBSERVED TIME   RECORD YEAR NORMAL DEPARTURE LAST
                VALUE   (LST)  VALUE       VALUE  FROM      YEAR
                                                  NORMAL
..................................................................
TEMPERATURE (F)
 YESTERDAY
  MAXIMUM         64    457 PM  84    2006  57      7       44
  MINIMUM         46    621 AM   2    1962  36     10       32
  AVERAGE         55                        46      9       38

PRECIPITATION (IN)
  YESTERDAY        0.01          0.94 1991   0.09  -0.08     0.00
  MONTH TO DATE    1.82                      1.02   0.80     0.95
  SINCE MAR 1      2.49                      2.91  -0.42     1.77
  SINCE JAN 1      3.18                      4.58  -1.40     4.60

SNOWFALL (IN)
  YESTERDAY        0.0           8.5  1928   0.1   -0.1      0.0
  MONTH TO DATE    0.3                       1.4   -1.1      6.7
  SINCE MAR 1      7.1                      11.7   -4.6     11.4
  SINCE JUL 1     32.4                      53.4  -21.0     69.5
  SNOW DEPTH       0

DEGREE DAYS
 HEATING
  YESTERDAY       10                        19     -9       27
  MONTH TO DATE  233                       283    -50      288
  SINCE MAR 1   1139                      1281   -142     1505
  SINCE JUL 1   7104                      7071     33     7958

 COOLING
  YESTERDAY        0                         0      0        0
  MONTH TO DATE    0                         0      0        0
  SINCE MAR 1      0                         0      0        0
  SINCE JAN 1      0                         0      0        0
..................................................................


WIND (MPH)
  HIGHEST WIND SPEED    28   HIGHEST WIND DIRECTION     W (280)
  HIGHEST GUST SPEED    38   HIGHEST GUST DIRECTION     W (270)
  AVERAGE WIND SPEED    13.3


SKY COVER
  POSSIBLE SUNSHINE  MM
  AVERAGE SKY COVER 0.2


WEATHER CONDITIONS
 THE FOLLOWING WEATHER WAS RECORDED YESTERDAY.
  LIGHT RAIN
  FOG


RELATIVE HUMIDITY (PERCENT)
 HIGHEST    83          1200 AM
 LOWEST     16           600 PM
 AVERAGE    50

..........................................................


THE TWIN CITIES MN CLIMATE NORMALS FOR TODAY
                         NORMAL    RECORD    YEAR
 MAXIMUM TEMPERATURE (F)   57        89      2003
 MINIMUM TEMPERATURE (F)   37        18      1928
                                             1926


SUNRISE AND SUNSET
APRIL 14 2015.........SUNRISE   630 AM CDT   SUNSET   757 PM CDT
APRIL 15 2015.........SUNRISE   629 AM CDT   SUNSET   758 PM CDT


-  INDICATES NEGATIVE NUMBERS.
R  INDICATES RECORD WAS SET OR TIED.
MM INDICATES DATA IS MISSING.
T  INDICATES TRACE AMOUNT.




$$
