000
CDUS43 KMPX 300709
CLIMSP


CLIMATE REPORT
NATIONAL WEATHER SERVICE CHANHASSEN MN
209 AM CDT THU APR 30 2015


...................................

...THE TWIN CITIES MN CLIMATE SUMMARY FOR APRIL 29 2015...

CLIMATE NORMAL PERIOD 1981 TO 2010
CLIMATE RECORD PERIOD 1871 TO 2015


WEATHER ITEM   OBSERVED TIME   RECORD YEAR NORMAL DEPARTURE LAST
                VALUE   (LST)  VALUE       VALUE  FROM      YEAR
                                                  NORMAL
..................................................................
TEMPERATURE (F)
 YESTERDAY
  MAXIMUM         68    457 PM  92    1952  64      4       42
  MINIMUM         44    529 AM  22    1958  43      1       34
  AVERAGE         56                        54      2       38

PRECIPITATION (IN)
  YESTERDAY        0.00          1.30 1991   0.11  -0.11     0.60
  MONTH TO DATE    2.42                      2.55  -0.13     6.24
  SINCE MAR 1      3.09                      4.44  -1.35     7.06
  SINCE JAN 1      3.78                      6.11  -2.33     9.89

SNOWFALL (IN)
  YESTERDAY        0.0           6.6  1984   0.1   -0.1       T
  MONTH TO DATE    0.3                       2.4   -2.1      7.0
  SINCE MAR 1      7.1                      12.7   -5.6     11.7
  SINCE JUL 1     32.4                      54.4  -22.0     69.8
  SNOW DEPTH       0

DEGREE DAYS
 HEATING
  YESTERDAY        9                        12     -3       27
  MONTH TO DATE  444                       520    -76      638
  SINCE MAR 1   1350                      1518   -168     1855
  SINCE JUL 1   7315                      7308      7     8308

 COOLING
  YESTERDAY        0                         0      0        0
  MONTH TO DATE    0                         0      0        0
  SINCE MAR 1      0                         0      0        0
  SINCE JAN 1      0                         0      0        0
..................................................................


WIND (MPH)
  HIGHEST WIND SPEED    20   HIGHEST WIND DIRECTION     N (360)
  HIGHEST GUST SPEED    29   HIGHEST GUST DIRECTION     N (10)
  AVERAGE WIND SPEED     9.5


SKY COVER
  POSSIBLE SUNSHINE  MM
  AVERAGE SKY COVER 0.2


WEATHER CONDITIONS
 THE FOLLOWING WEATHER WAS RECORDED YESTERDAY.
  NO SIGNIFICANT WEATHER WAS OBSERVED.


RELATIVE HUMIDITY (PERCENT)
 HIGHEST    49           500 AM
 LOWEST     27           300 PM
 AVERAGE    38

..........................................................


THE TWIN CITIES MN CLIMATE NORMALS FOR TODAY
                         NORMAL    RECORD    YEAR
 MAXIMUM TEMPERATURE (F)   65        91      1952
                                             1934
 MINIMUM TEMPERATURE (F)   44        24      1903


SUNRISE AND SUNSET
APRIL 30 2015.........SUNRISE   604 AM CDT   SUNSET   817 PM CDT
MAY  1 2015...........SUNRISE   603 AM CDT   SUNSET   818 PM CDT


-  INDICATES NEGATIVE NUMBERS.
R  INDICATES RECORD WAS SET OR TIED.
MM INDICATES DATA IS MISSING.
T  INDICATES TRACE AMOUNT.




$$
