000
CDUS43 KMPX 190721
CLIMSP


CLIMATE REPORT
NATIONAL WEATHER SERVICE CHANHASSEN MN
220 AM CDT SUN APR 19 2015


...................................

...THE TWIN CITIES MN CLIMATE SUMMARY FOR APRIL 18 2015...

CLIMATE NORMAL PERIOD 1981 TO 2010
CLIMATE RECORD PERIOD 1871 TO 2015


WEATHER ITEM   OBSERVED TIME   RECORD YEAR NORMAL DEPARTURE LAST
                VALUE   (LST)  VALUE       VALUE  FROM      YEAR
                                                  NORMAL
..................................................................
TEMPERATURE (F)
 YESTERDAY
  MAXIMUM         73    406 PM  89    1985  59     14       52
  MINIMUM         47    233 AM  21    1953  38      9       26
  AVERAGE         60                        49     11       39

PRECIPITATION (IN)
  YESTERDAY        0.07          1.04 2004   0.09  -0.02     0.00
  MONTH TO DATE    1.89                      1.46   0.43     1.63
  SINCE MAR 1      2.56                      3.35  -0.79     2.45
  SINCE JAN 1      3.25                      5.02  -1.77     5.28

SNOWFALL (IN)
  YESTERDAY        0.0           6.4  2013   0.1   -0.1      0.0
  MONTH TO DATE    0.3                       1.8   -1.5      7.0
  SINCE MAR 1      7.1                      12.1   -5.0     11.7
  SINCE JUL 1     32.4                      53.8  -21.4     69.8
  SNOW DEPTH       0

DEGREE DAYS
 HEATING
  YESTERDAY        5                        16    -11       26
  MONTH TO DATE  259                       369   -110      448
  SINCE MAR 1   1165                      1367   -202     1665
  SINCE JUL 1   7130                      7157    -27     8118

 COOLING
  YESTERDAY        0                         0      0        0
  MONTH TO DATE    0                         0      0        0
  SINCE MAR 1      0                         0      0        0
  SINCE JAN 1      0                         0      0        0
..................................................................


WIND (MPH)
  HIGHEST WIND SPEED    21   HIGHEST WIND DIRECTION     E (100)
  HIGHEST GUST SPEED    27   HIGHEST GUST DIRECTION     E (110)
  AVERAGE WIND SPEED    12.3


SKY COVER
  POSSIBLE SUNSHINE  MM
  AVERAGE SKY COVER 0.7


WEATHER CONDITIONS
 THE FOLLOWING WEATHER WAS RECORDED YESTERDAY.
  LIGHT RAIN


RELATIVE HUMIDITY (PERCENT)
 HIGHEST    77          1100 PM
 LOWEST     25           400 PM
 AVERAGE    51

..........................................................


THE TWIN CITIES MN CLIMATE NORMALS FOR TODAY
                         NORMAL    RECORD    YEAR
 MAXIMUM TEMPERATURE (F)   60        87      1985
 MINIMUM TEMPERATURE (F)   39        19      1928


SUNRISE AND SUNSET
APRIL 19 2015.........SUNRISE   622 AM CDT   SUNSET   803 PM CDT
APRIL 20 2015.........SUNRISE   620 AM CDT   SUNSET   804 PM CDT


-  INDICATES NEGATIVE NUMBERS.
R  INDICATES RECORD WAS SET OR TIED.
MM INDICATES DATA IS MISSING.
T  INDICATES TRACE AMOUNT.




$$
