000
CDUS43 KMPX 180056
CLIMSP


CLIMATE REPORT
NATIONAL WEATHER SERVICE CHANHASSEN MN
755 PM CDT FRI APR 17 2015


...................................

...THE TWIN CITIES MN CLIMATE SUMMARY FOR APRIL 17 2015...
VALID TODAY AS OF 0700 PM LOCAL TIME.

CLIMATE NORMAL PERIOD 1981 TO 2010
CLIMATE RECORD PERIOD 1871 TO 2015


WEATHER ITEM   OBSERVED TIME   RECORD YEAR NORMAL DEPARTURE LAST
                VALUE   (LST)  VALUE       VALUE  FROM      YEAR
                                                  NORMAL
..................................................................
TEMPERATURE (F)
 TODAY
  MAXIMUM         75    409 PM  85    1985  59     16       42
  MINIMUM         50    549 AM  10    1875  38     12       28
  AVERAGE         63                        48     15       35

PRECIPITATION (IN)
  TODAY            0.00          1.44 1975   0.09  -0.09      T
  MONTH TO DATE    1.82                      1.37   0.45     1.63
  SINCE MAR 1      2.49                      3.26  -0.77     2.45
  SINCE JAN 1      3.18                      4.93  -1.75     5.28

SNOWFALL (IN)
  TODAY            0.0           2.7  1939   0.1   -0.1       T
  MONTH TO DATE    0.3                       1.7   -1.4      7.0
  SINCE MAR 1      7.1                      12.0   -4.9     11.7
  SINCE JUL 1     32.4                      53.7  -21.3     69.8
  SNOW DEPTH       0

DEGREE DAYS
 HEATING
  TODAY            2                        17    -15       30
  MONTH TO DATE  254                       353    -99      422
  SINCE MAR 1   1160                      1351   -191     1639
  SINCE JUL 1   7125                      7141    -16     8092

 COOLING
  TODAY            0                         0      0        0
  MONTH TO DATE    0                         0      0        0
  SINCE MAR 1      0                         0      0        0
  SINCE JAN 1      0                         0      0        0
..................................................................


WIND (MPH)
  HIGHEST WIND SPEED    12   HIGHEST WIND DIRECTION     W (280)
  HIGHEST GUST SPEED    24   HIGHEST GUST DIRECTION     N (20)
  AVERAGE WIND SPEED     5.5


SKY COVER
  POSSIBLE SUNSHINE  MM
  AVERAGE SKY COVER 0.2


WEATHER CONDITIONS
 THE FOLLOWING WEATHER WAS RECORDED TODAY.
  NO SIGNIFICANT WEATHER WAS OBSERVED.


RELATIVE HUMIDITY (PERCENT)
 HIGHEST    77           400 AM
 LOWEST     22           500 PM
 AVERAGE    50

..........................................................


THE TWIN CITIES MN CLIMATE NORMALS FOR TOMORROW
                         NORMAL    RECORD    YEAR
 MAXIMUM TEMPERATURE (F)   59        89      1985
 MINIMUM TEMPERATURE (F)   38        21      1953


SUNRISE AND SUNSET
APRIL 17 2015.........SUNRISE   625 AM CDT   SUNSET   800 PM CDT
APRIL 18 2015.........SUNRISE   624 AM CDT   SUNSET   802 PM CDT


-  INDICATES NEGATIVE NUMBERS.
R  INDICATES RECORD WAS SET OR TIED.
MM INDICATES DATA IS MISSING.
T  INDICATES TRACE AMOUNT.




$$
