000
CDUS43 KMPX 240628
CLIMSP


CLIMATE REPORT
NATIONAL WEATHER SERVICE CHANHASSEN MN
127 AM CDT FRI APR 24 2015


...................................

...THE TWIN CITIES MN CLIMATE SUMMARY FOR APRIL 23 2015...

CLIMATE NORMAL PERIOD 1981 TO 2010
CLIMATE RECORD PERIOD 1871 TO 2015


WEATHER ITEM   OBSERVED TIME   RECORD YEAR NORMAL DEPARTURE LAST
                VALUE   (LST)  VALUE       VALUE  FROM      YEAR
                                                  NORMAL
..................................................................
TEMPERATURE (F)
 YESTERDAY
  MAXIMUM         55    510 PM  86    1990  62     -7       47
  MINIMUM         29    530 AM  19    1910  41    -12       40
  AVERAGE         42                        51     -9       44

PRECIPITATION (IN)
  YESTERDAY        0.00          0.87 1968   0.10  -0.10     0.26
                                      1948
  MONTH TO DATE    2.08                      1.92   0.16     2.30
  SINCE MAR 1      2.75                      3.81  -1.06     3.12
  SINCE JAN 1      3.44                      5.48  -2.04     5.95

SNOWFALL (IN)
  YESTERDAY        0.0           1.6  1988   0.1   -0.1      0.0
  MONTH TO DATE    0.3                       2.1   -1.8      7.0
  SINCE MAR 1      7.1                      12.4   -5.3     11.7
  SINCE JUL 1     32.4                      54.1  -21.7     69.8
  SNOW DEPTH       0

DEGREE DAYS
 HEATING
  YESTERDAY       23                        14      9       21
  MONTH TO DATE  369                       444    -75      509
  SINCE MAR 1   1275                      1442   -167     1726
  SINCE JUL 1   7240                      7232      8     8179

 COOLING
  YESTERDAY        0                         0      0        0
  MONTH TO DATE    0                         0      0        0
  SINCE MAR 1      0                         0      0        0
  SINCE JAN 1      0                         0      0        0
..................................................................


WIND (MPH)
  HIGHEST WIND SPEED    16   HIGHEST WIND DIRECTION     W (290)
  HIGHEST GUST SPEED    21   HIGHEST GUST DIRECTION     W (290)
  AVERAGE WIND SPEED     6.3


SKY COVER
  POSSIBLE SUNSHINE  MM
  AVERAGE SKY COVER 0.2


WEATHER CONDITIONS
 THE FOLLOWING WEATHER WAS RECORDED YESTERDAY.
  NO SIGNIFICANT WEATHER WAS OBSERVED.


RELATIVE HUMIDITY (PERCENT)
 HIGHEST    53           600 AM
 LOWEST     12           300 PM
 AVERAGE    33

..........................................................


THE TWIN CITIES MN CLIMATE NORMALS FOR TODAY
                         NORMAL    RECORD    YEAR
 MAXIMUM TEMPERATURE (F)   62        84      1962
 MINIMUM TEMPERATURE (F)   41        24      1875


SUNRISE AND SUNSET
APRIL 24 2015.........SUNRISE   614 AM CDT   SUNSET   809 PM CDT
APRIL 25 2015.........SUNRISE   612 AM CDT   SUNSET   810 PM CDT


-  INDICATES NEGATIVE NUMBERS.
R  INDICATES RECORD WAS SET OR TIED.
MM INDICATES DATA IS MISSING.
T  INDICATES TRACE AMOUNT.




$$
