000
CDUS43 KMPX 260628
CLIMSP


CLIMATE REPORT
NATIONAL WEATHER SERVICE CHANHASSEN MN
126 AM CDT SUN APR 26 2015


...................................

...THE TWIN CITIES MN CLIMATE SUMMARY FOR APRIL 25 2015...

CLIMATE NORMAL PERIOD 1981 TO 2010
CLIMATE RECORD PERIOD 1871 TO 2015


WEATHER ITEM   OBSERVED TIME   RECORD YEAR NORMAL DEPARTURE LAST
                VALUE   (LST)  VALUE       VALUE  FROM      YEAR
                                                  NORMAL
..................................................................
TEMPERATURE (F)
 YESTERDAY
  MAXIMUM         62    512 PM  91    1962  63     -1       64
  MINIMUM         43    721 AM  25    1907  42      1       36
  AVERAGE         53                        52      1       50

PRECIPITATION (IN)
  YESTERDAY        0.00          1.47 1902   0.10  -0.10     0.00
  MONTH TO DATE    2.42                      2.12   0.30     3.14
  SINCE MAR 1      3.09                      4.01  -0.92     3.96
  SINCE JAN 1      3.78                      5.68  -1.90     6.79

SNOWFALL (IN)
  YESTERDAY        0.0           3.2  1950   0.1   -0.1      0.0
  MONTH TO DATE    0.3                       2.2   -1.9      7.0
  SINCE MAR 1      7.1                      12.5   -5.4     11.7
  SINCE JUL 1     32.4                      54.2  -21.8     69.8
  SNOW DEPTH       0

DEGREE DAYS
 HEATING
  YESTERDAY       12                        13     -1       15
  MONTH TO DATE  399                       471    -72      547
  SINCE MAR 1   1305                      1469   -164     1764
  SINCE JUL 1   7270                      7259     11     8217

 COOLING
  YESTERDAY        0                         0      0        0
  MONTH TO DATE    0                         0      0        0
  SINCE MAR 1      0                         0      0        0
  SINCE JAN 1      0                         0      0        0
..................................................................


WIND (MPH)
  HIGHEST WIND SPEED    22   HIGHEST WIND DIRECTION     E (80)
  HIGHEST GUST SPEED    27   HIGHEST GUST DIRECTION    NE (50)
  AVERAGE WIND SPEED    12.6


SKY COVER
  POSSIBLE SUNSHINE  MM
  AVERAGE SKY COVER 0.5


WEATHER CONDITIONS
 THE FOLLOWING WEATHER WAS RECORDED YESTERDAY.
  NO SIGNIFICANT WEATHER WAS OBSERVED.


RELATIVE HUMIDITY (PERCENT)
 HIGHEST    83          1200 AM
 LOWEST     20           600 PM
 AVERAGE    52

..........................................................


THE TWIN CITIES MN CLIMATE NORMALS FOR TODAY
                         NORMAL    RECORD    YEAR
 MAXIMUM TEMPERATURE (F)   63        85      1970
 MINIMUM TEMPERATURE (F)   42        26      1950


SUNRISE AND SUNSET
APRIL 26 2015.........SUNRISE   610 AM CDT   SUNSET   812 PM CDT
APRIL 27 2015.........SUNRISE   609 AM CDT   SUNSET   813 PM CDT


-  INDICATES NEGATIVE NUMBERS.
R  INDICATES RECORD WAS SET OR TIED.
MM INDICATES DATA IS MISSING.
T  INDICATES TRACE AMOUNT.




$$
