000
CDUS43 KMPX 010023
CLIMSP


CLIMATE REPORT
NATIONAL WEATHER SERVICE CHANHASSEN MN
723 PM CDT THU APR 30 2015


...................................

...THE TWIN CITIES MN CLIMATE SUMMARY FOR APRIL 30 2015...
VALID TODAY AS OF 0700 PM LOCAL TIME.

CLIMATE NORMAL PERIOD 1981 TO 2010
CLIMATE RECORD PERIOD 1871 TO 2015


WEATHER ITEM   OBSERVED TIME   RECORD YEAR NORMAL DEPARTURE LAST
                VALUE   (LST)  VALUE       VALUE  FROM      YEAR
                                                  NORMAL
..................................................................
TEMPERATURE (F)
 TODAY
  MAXIMUM         68    442 PM  91    1952  65      3       46
                                      1934
  MINIMUM         47    559 AM  24    1903  44      3       35
  AVERAGE         58                        54      4       41

PRECIPITATION (IN)
  TODAY            0.00          1.53 1954   0.11  -0.11     0.03
  MONTH TO DATE    2.42                      2.66  -0.24     6.27
  SINCE MAR 1      3.09                      4.55  -1.46     7.09
  SINCE JAN 1      3.78                      6.22  -2.44     9.92

SNOWFALL (IN)
  TODAY            0.0           3.1  1984   0.0    0.0      0.0
  MONTH TO DATE    0.3                       2.4   -2.1      7.0
  SINCE MAR 1      7.1                      12.7   -5.6     11.7
  SINCE JUL 1     32.4                      54.4  -22.0     69.8
  SNOW DEPTH       0

DEGREE DAYS
 HEATING
  TODAY            7                        11     -4       24
  MONTH TO DATE  451                       531    -80      662
  SINCE MAR 1   1357                      1528   -171     1879
  SINCE JUL 1   7322                      7318      4     8332

 COOLING
  TODAY            0                         0      0        0
  MONTH TO DATE    0                         5     -5        0
  SINCE MAR 1      0                         5     -5        0
  SINCE JAN 1      0                         5     -5        0
..................................................................


WIND (MPH)
  HIGHEST WIND SPEED    14   HIGHEST WIND DIRECTION     E (100)
  HIGHEST GUST SPEED    20   HIGHEST GUST DIRECTION    NE (50)
  AVERAGE WIND SPEED     7.3


SKY COVER
  POSSIBLE SUNSHINE  MM
  AVERAGE SKY COVER 0.5


WEATHER CONDITIONS
 THE FOLLOWING WEATHER WAS RECORDED TODAY.
  NO SIGNIFICANT WEATHER WAS OBSERVED.


RELATIVE HUMIDITY (PERCENT)
 HIGHEST    53           600 AM
 LOWEST     26           600 PM
 AVERAGE    40

..........................................................


THE TWIN CITIES MN CLIMATE NORMALS FOR TOMORROW
                         NORMAL    RECORD    YEAR
 MAXIMUM TEMPERATURE (F)   65        91      1959
 MINIMUM TEMPERATURE (F)   44        24      1909


SUNRISE AND SUNSET
APRIL 30 2015.........SUNRISE   604 AM CDT   SUNSET   817 PM CDT
MAY  1 2015...........SUNRISE   603 AM CDT   SUNSET   818 PM CDT


-  INDICATES NEGATIVE NUMBERS.
R  INDICATES RECORD WAS SET OR TIED.
MM INDICATES DATA IS MISSING.
T  INDICATES TRACE AMOUNT.




$$
