000
CDUS43 KMPX 120625
CLIMSP


CLIMATE REPORT
NATIONAL WEATHER SERVICE CHANHASSEN MN
122 AM CDT SUN APR 12 2015


...................................

...THE TWIN CITIES MN CLIMATE SUMMARY FOR APRIL 11 2015...

CLIMATE NORMAL PERIOD 1981 TO 2010
CLIMATE RECORD PERIOD 1871 TO 2015


WEATHER ITEM   OBSERVED TIME   RECORD YEAR NORMAL DEPARTURE LAST
                VALUE   (LST)  VALUE       VALUE  FROM      YEAR
                                                  NORMAL
..................................................................
TEMPERATURE (F)
 YESTERDAY
  MAXIMUM         68    445 PM  83    1968  56     12       63
                                      1890
  MINIMUM         38    438 AM  12    1940  35      3       43
  AVERAGE         53                        45      8       53

PRECIPITATION (IN)
  YESTERDAY        0.00          1.58 1887   0.08  -0.08      T
  MONTH TO DATE    1.16                      0.85   0.31     0.81
  SINCE MAR 1      1.83                      2.74  -0.91     1.63
  SINCE JAN 1      2.52                      4.41  -1.89     4.46

SNOWFALL (IN)
  YESTERDAY        0.0           5.7  1929   0.1   -0.1      0.0
  MONTH TO DATE    0.3                       1.2   -0.9      6.7
  SINCE MAR 1      7.1                      11.5   -4.4     11.4
  SINCE JUL 1     32.4                      53.2  -20.8     69.5
  SNOW DEPTH       0

DEGREE DAYS
 HEATING
  YESTERDAY       12                        20     -8       12
  MONTH TO DATE  221                       245    -24      246
  SINCE MAR 1   1127                      1243   -116     1463
  SINCE JUL 1   7092                      7033     59     7916

 COOLING
  YESTERDAY        0                         0      0        0
  MONTH TO DATE    0                         0      0        0
  SINCE MAR 1      0                         0      0        0
  SINCE JAN 1      0                         0      0        0
..................................................................


WIND (MPH)
  HIGHEST WIND SPEED    23   HIGHEST WIND DIRECTION     S (170)
  HIGHEST GUST SPEED    28   HIGHEST GUST DIRECTION     S (170)
  AVERAGE WIND SPEED    11.1


SKY COVER
  POSSIBLE SUNSHINE  MM
  AVERAGE SKY COVER 0.1


WEATHER CONDITIONS
 THE FOLLOWING WEATHER WAS RECORDED YESTERDAY.
  HAZE


RELATIVE HUMIDITY (PERCENT)
 HIGHEST    76           200 AM
 LOWEST     34           100 PM
 AVERAGE    55

..........................................................


THE TWIN CITIES MN CLIMATE NORMALS FOR TODAY
                         NORMAL    RECORD    YEAR
 MAXIMUM TEMPERATURE (F)   56        83      1931
 MINIMUM TEMPERATURE (F)   36        12      1962


SUNRISE AND SUNSET
APRIL 12 2015.........SUNRISE   634 AM CDT   SUNSET   754 PM CDT
APRIL 13 2015.........SUNRISE   632 AM CDT   SUNSET   755 PM CDT


-  INDICATES NEGATIVE NUMBERS.
R  INDICATES RECORD WAS SET OR TIED.
MM INDICATES DATA IS MISSING.
T  INDICATES TRACE AMOUNT.




$$
