000
CDUS43 KMPX 040029
CLIMSP


CLIMATE REPORT
NATIONAL WEATHER SERVICE CHANHASSEN MN
729 PM CDT SUN MAY 3 2015


...................................

...THE TWIN CITIES MN CLIMATE SUMMARY FOR MAY 3 2015...
VALID TODAY AS OF 0700 PM LOCAL TIME.

CLIMATE NORMAL PERIOD 1981 TO 2010
CLIMATE RECORD PERIOD 1871 TO 2015


WEATHER ITEM   OBSERVED TIME   RECORD YEAR NORMAL DEPARTURE LAST
                VALUE   (LST)  VALUE       VALUE  FROM      YEAR
                                                  NORMAL
..................................................................
TEMPERATURE (F)
 TODAY
  MAXIMUM         83    223 PM  93    1949  66     17       59
  MINIMUM         56    548 AM  18    1967  45     11       43
  AVERAGE         70                        55     15       51

PRECIPITATION (IN)
  TODAY            0.01          1.72 1912   0.11  -0.10     0.00
  MONTH TO DATE    0.02                      0.33  -0.31     0.04
  SINCE MAR 1      3.11                      4.88  -1.77     7.13
  SINCE JAN 1      3.80                      6.55  -2.75     9.96

SNOWFALL (IN)
  TODAY            0.0           0.5  2013   0.0    0.0      0.0
  MONTH TO DATE    0.0                       0.0    0.0      0.0
  SINCE MAR 1      7.1                      12.7   -5.6     11.7
  SINCE JUL 1     32.4                      54.4  -22.0     69.8
  SNOW DEPTH       0

DEGREE DAYS
 HEATING
  TODAY            0                        10    -10       14
  MONTH TO DATE    7                        32    -25       50
  SINCE MAR 1   1364                      1560   -196     1929
  SINCE JUL 1   7329                      7350    -21     8382

 COOLING
  TODAY            5                         1      4        0
  MONTH TO DATE    6                         1      5        0
  SINCE MAR 1      6                         6      0        0
  SINCE JAN 1      6                         6      0        0
..................................................................


WIND (MPH)
  HIGHEST WIND SPEED    37   HIGHEST WIND DIRECTION     N (340)
  HIGHEST GUST SPEED    47   HIGHEST GUST DIRECTION     N (340)
  AVERAGE WIND SPEED     7.0


SKY COVER
  POSSIBLE SUNSHINE  MM
  AVERAGE SKY COVER 0.5


WEATHER CONDITIONS
 THE FOLLOWING WEATHER WAS RECORDED TODAY.
  THUNDERSTORM
  LIGHT RAIN
  HAZE


RELATIVE HUMIDITY (PERCENT)
 HIGHEST    83           400 AM
 LOWEST     36           300 PM
 AVERAGE    60

..........................................................


THE TWIN CITIES MN CLIMATE NORMALS FOR TOMORROW
                         NORMAL    RECORD    YEAR
 MAXIMUM TEMPERATURE (F)   66        91      1952
 MINIMUM TEMPERATURE (F)   45        22      1967


SUNRISE AND SUNSET
MAY  3 2015...........SUNRISE   600 AM CDT   SUNSET   820 PM CDT
MAY  4 2015...........SUNRISE   558 AM CDT   SUNSET   822 PM CDT


-  INDICATES NEGATIVE NUMBERS.
R  INDICATES RECORD WAS SET OR TIED.
MM INDICATES DATA IS MISSING.
T  INDICATES TRACE AMOUNT.




$$
