000
CDUS43 KMPX 200751
CLIMSP


CLIMATE REPORT
NATIONAL WEATHER SERVICE CHANHASSEN MN
251 AM CDT MON APR 20 2015


...................................

...THE TWIN CITIES MN CLIMATE SUMMARY FOR APRIL 19 2015...

CLIMATE NORMAL PERIOD 1981 TO 2010
CLIMATE RECORD PERIOD 1871 TO 2015


WEATHER ITEM   OBSERVED TIME   RECORD YEAR NORMAL DEPARTURE LAST
                VALUE   (LST)  VALUE       VALUE  FROM      YEAR
                                                  NORMAL
..................................................................
TEMPERATURE (F)
 YESTERDAY
  MAXIMUM         60   1233 PM  87    1985  60      0       67
  MINIMUM         45   1159 PM  19    1928  39      6       42
  AVERAGE         53                        49      4       55

PRECIPITATION (IN)
  YESTERDAY        0.14          1.28 1871   0.09   0.05     0.11
  MONTH TO DATE    2.03                      1.55   0.48     1.74
  SINCE MAR 1      2.70                      3.44  -0.74     2.56
  SINCE JAN 1      3.39                      5.11  -1.72     5.39

SNOWFALL (IN)
  YESTERDAY        0.0           1.2  1982   0.0    0.0      0.0
  MONTH TO DATE    0.3                       1.8   -1.5      7.0
  SINCE MAR 1      7.1                      12.1   -5.0     11.7
  SINCE JUL 1     32.4                      53.8  -21.4     69.8
  SNOW DEPTH       0

DEGREE DAYS
 HEATING
  YESTERDAY       12                        16     -4       10
  MONTH TO DATE  271                       385   -114      458
  SINCE MAR 1   1177                      1383   -206     1675
  SINCE JUL 1   7142                      7173    -31     8128

 COOLING
  YESTERDAY        0                         0      0        0
  MONTH TO DATE    0                         0      0        0
  SINCE MAR 1      0                         0      0        0
  SINCE JAN 1      0                         0      0        0
..................................................................


WIND (MPH)
  HIGHEST WIND SPEED    26   HIGHEST WIND DIRECTION    NW (320)
  HIGHEST GUST SPEED    34   HIGHEST GUST DIRECTION    NW (310)
  AVERAGE WIND SPEED    12.4


SKY COVER
  POSSIBLE SUNSHINE  MM
  AVERAGE SKY COVER 1.0


WEATHER CONDITIONS
 THE FOLLOWING WEATHER WAS RECORDED YESTERDAY.
  LIGHT RAIN
  FOG
  HAZE


RELATIVE HUMIDITY (PERCENT)
 HIGHEST    93           800 AM
 LOWEST     63           200 AM
 AVERAGE    78

..........................................................


THE TWIN CITIES MN CLIMATE NORMALS FOR TODAY
                         NORMAL    RECORD    YEAR
 MAXIMUM TEMPERATURE (F)   60        83      1980
 MINIMUM TEMPERATURE (F)   39        21      2013


SUNRISE AND SUNSET
APRIL 20 2015.........SUNRISE   620 AM CDT   SUNSET   804 PM CDT
APRIL 21 2015.........SUNRISE   619 AM CDT   SUNSET   805 PM CDT


-  INDICATES NEGATIVE NUMBERS.
R  INDICATES RECORD WAS SET OR TIED.
MM INDICATES DATA IS MISSING.
T  INDICATES TRACE AMOUNT.




$$
