000
CDUS43 KMPX 020735
CLIMSP


CLIMATE REPORT
NATIONAL WEATHER SERVICE CHANHASSEN MN
235 AM CDT SAT MAY 2 2015


...................................

...THE TWIN CITIES MN CLIMATE SUMMARY FOR MAY 1 2015...

CLIMATE NORMAL PERIOD 1981 TO 2010
CLIMATE RECORD PERIOD 1871 TO 2015


WEATHER ITEM   OBSERVED TIME   RECORD YEAR NORMAL DEPARTURE LAST
                VALUE   (LST)  VALUE       VALUE  FROM      YEAR
                                                  NORMAL
..................................................................
TEMPERATURE (F)
 YESTERDAY
  MAXIMUM         66    604 PM  91    1959  65      1       49
  MINIMUM         49    425 AM  24    1909  44      5       37
  AVERAGE         58                        54      4       43

PRECIPITATION (IN)
  YESTERDAY        0.01          1.26 1983   0.11  -0.10     0.04
  MONTH TO DATE    0.01                      0.11  -0.10     0.04
  SINCE MAR 1      3.10                      4.66  -1.56     7.13
  SINCE JAN 1      3.79                      6.33  -2.54     9.96

SNOWFALL (IN)
  YESTERDAY        0.0           3.0  1935   0.0    0.0      0.0
  MONTH TO DATE    0.0                       0.0    0.0      0.0
  SINCE MAR 1      7.1                      12.7   -5.6     11.7
  SINCE JUL 1     32.4                      54.4  -22.0     69.8
  SNOW DEPTH       0

DEGREE DAYS
 HEATING
  YESTERDAY        7                        11     -4       22
  MONTH TO DATE    7                        11     -4       22
  SINCE MAR 1   1364                      1539   -175     1901
  SINCE JUL 1   7329                      7329      0     8354

 COOLING
  YESTERDAY        0                         0      0        0
  MONTH TO DATE    0                         0      0        0
  SINCE MAR 1      0                         5     -5        0
  SINCE JAN 1      0                         5     -5        0
..................................................................


WIND (MPH)
  HIGHEST WIND SPEED    18   HIGHEST WIND DIRECTION     S (170)
  HIGHEST GUST SPEED    24   HIGHEST GUST DIRECTION     S (170)
  AVERAGE WIND SPEED     7.8


SKY COVER
  POSSIBLE SUNSHINE  MM
  AVERAGE SKY COVER 0.5


WEATHER CONDITIONS
 THE FOLLOWING WEATHER WAS RECORDED YESTERDAY.
  LIGHT RAIN


RELATIVE HUMIDITY (PERCENT)
 HIGHEST    77           100 PM
 LOWEST     37           900 AM
 AVERAGE    57

..........................................................


THE TWIN CITIES MN CLIMATE NORMALS FOR TODAY
                         NORMAL    RECORD    YEAR
 MAXIMUM TEMPERATURE (F)   65        91      1959
                                             1880
 MINIMUM TEMPERATURE (F)   44        24      1961
                                             1875


SUNRISE AND SUNSET
MAY  2 2015...........SUNRISE   601 AM CDT   SUNSET   819 PM CDT
MAY  3 2015...........SUNRISE   600 AM CDT   SUNSET   820 PM CDT


-  INDICATES NEGATIVE NUMBERS.
R  INDICATES RECORD WAS SET OR TIED.
MM INDICATES DATA IS MISSING.
T  INDICATES TRACE AMOUNT.




$$
