000
CXUS53 KMPX 011448
CLMMSP


CLIMATE REPORT
NATIONAL WEATHER SERVICE CHANHASSEN MN
847 AM CST SUN MAR 1 2015

...................................

...THE TWIN CITIES MN CLIMATE SUMMARY FOR THE MONTH OF FEBRUARY 2015...

CLIMATE NORMAL PERIOD 1981 TO 2010
CLIMATE RECORD PERIOD 1871 TO 2015

WEATHER         OBSERVED          NORMAL  DEPART  LAST YEAR`S
                 VALUE   DATE(S)  VALUE   FROM    VALUE  DATE(S)
                                          NORMAL
................................................................
TEMPERATURE (F)
RECORD
 HIGH              64   02/26/1896
 LOW              -33   02/09/1899
                        02/09/1888
HIGHEST            36   02/07        41      -5       44  02/18
LOWEST            -11   02/23        -8      -3      -14  02/27
                        02/19
AVG. MAXIMUM     19.5              29.0    -9.5     17.5
AVG. MINIMUM      2.9              12.9   -10.0     -0.2
MEAN             11.2              20.9    -9.7      8.6
DAYS MAX >= 90      0               0.0     0.0        0
DAYS MAX <= 32     26              15.5    10.5       25
DAYS MIN <= 32     28              26.5     1.5       28
DAYS MIN <= 0      15               5.6     9.4       17

PRECIPITATION (INCHES)
RECORD
 MAXIMUM         3.25   1922
 MINIMUM         0.03   1894
TOTALS           0.35              0.77   -0.42     1.41
DAILY AVG.       0.01              0.03   -0.02     0.05
DAYS >= .01        10               7.4     2.6        7
DAYS >= .10         1               2.6    -1.6        3
DAYS >= .50         0               0.2    -0.2        1
DAYS >= 1.00        0               0.0     0.0        0
GREATEST
 24 HR. TOTAL    0.14   02/10 TO 02/11

SNOWFALL (INCHES)
RECORDS
 TOTAL           26.5   5
                        0
TOTALS            4.9               7.7    -2.8     18.4
SINCE 7/1        25.3              41.7   -16.4     58.1
SNOWDEPTH AVG.      1                 6      -5       16
DAYS >= 1.0         1               3.0    -2.0        4
GREATEST
 SNOW DEPTH         2   02/05                         24  02/21
                        02/04
 24 HR TOTAL      1.5   02/03 TO 02/03

DEGREE_DAYS
HEATING TOTAL    1501              1236     265     1568
 SINCE 7/1       5965              5790     175     6453
COOLING TOTAL       0                 0       0        0
 SINCE 1/1          0                 0       0        0
.................................................................

WIND (MPH)
AVERAGE WIND SPEED              10.3
HIGHEST WIND SPEED/DIRECTION    36/310    DATE  02/24
HIGHEST GUST SPEED/DIRECTION    46/310    DATE  02/24

SKY COVER
POSSIBLE SUNSHINE (PERCENT)   MM
AVERAGE SKY COVER           0.50
NUMBER OF DAYS FAIR            8
NUMBER OF DAYS PC             11
NUMBER OF DAYS CLOUDY          9

AVERAGE RH (PERCENT)     65

WEATHER CONDITIONS. NUMBER OF DAYS WITH
THUNDERSTORM              0     MIXED PRECIP               0
HEAVY RAIN                0     RAIN                       0
LIGHT RAIN                0     FREEZING RAIN              0
LT FREEZING RAIN          1     HAIL                       0
HEAVY SNOW                0     SNOW                       2
LIGHT SNOW               12     SLEET                      1
FOG                       7     FOG W/VIS <= 1/4 MILE      0
HAZE                     17

-  INDICATES NEGATIVE NUMBERS.
R  INDICATES RECORD WAS SET OR TIED.
MM INDICATES DATA IS MISSING.
T  INDICATES TRACE AMOUNT.

$$
