000
CDUS43 KMPX 210832
CLISTC


CLIMATE REPORT
NATIONAL WEATHER SERVICE CHANHASSEN MN
332 AM CDT TUE APR 21 2015


...................................

...THE ST CLOUD MN CLIMATE SUMMARY FOR APRIL 20 2015...

CLIMATE NORMAL PERIOD 1981 TO 2010
CLIMATE RECORD PERIOD 1893 TO 2015


WEATHER ITEM   OBSERVED TIME   RECORD YEAR NORMAL DEPARTURE LAST
                VALUE   (LST)  VALUE       VALUE  FROM      YEAR
                                                  NORMAL
..................................................................
TEMPERATURE (F)
 YESTERDAY
  MAXIMUM         42    419 PM  84    1980  59    -17       75
  MINIMUM         34    819 AM  16    2013  35     -1       33
  AVERAGE         38                        47     -9       54

PRECIPITATION (IN)
  YESTERDAY        T             1.08 1917   0.09  -0.09     0.00
  MONTH TO DATE    1.15                      1.58  -0.43     1.56
  SINCE MAR 1      1.53                      3.13  -1.60     2.76
  SINCE JAN 1      2.12                      4.37  -2.25     5.27

SNOWFALL (IN)
  YESTERDAY        T             4.1  1924   0.1   -0.1      0.0
  MONTH TO DATE    1.0                       2.4   -1.4     12.0
  SINCE MAR 1      4.3                      10.9   -6.6     21.2
  SINCE JUL 1     31.1                      45.1  -14.0     75.5
  SNOW DEPTH       0

DEGREE DAYS
 HEATING
  YESTERDAY       27                        18      9       11
  MONTH TO DATE  359                       460   -101      510
  SINCE MAR 1   1360                      1564   -204     1817
  SINCE JUL 1   7618                      8010   -392     9026

 COOLING
  YESTERDAY        0                         0      0        0
  MONTH TO DATE    0                         0      0        0
  SINCE MAR 1      0                         0      0        0
  SINCE JAN 1      0                         0      0        0
..................................................................


WIND (MPH)
  HIGHEST WIND SPEED    30   HIGHEST WIND DIRECTION    NW (300)
  HIGHEST GUST SPEED    39   HIGHEST GUST DIRECTION    NW (320)
  AVERAGE WIND SPEED    20.4


SKY COVER
  POSSIBLE SUNSHINE  MM
  AVERAGE SKY COVER 1.0


WEATHER CONDITIONS
 THE FOLLOWING WEATHER WAS RECORDED YESTERDAY.
  LIGHT RAIN


RELATIVE HUMIDITY (PERCENT)
 HIGHEST    82           800 PM
 LOWEST     54           300 PM
 AVERAGE    68

..........................................................


THE ST CLOUD MN CLIMATE NORMALS FOR TODAY
                         NORMAL    RECORD    YEAR
 MAXIMUM TEMPERATURE (F)   60        96      1980
 MINIMUM TEMPERATURE (F)   35        21      1950
                                             1936


SUNRISE AND SUNSET
APRIL 21 2015.........SUNRISE   621 AM CDT   SUNSET   810 PM CDT
APRIL 22 2015.........SUNRISE   619 AM CDT   SUNSET   811 PM CDT


-  INDICATES NEGATIVE NUMBERS.
R  INDICATES RECORD WAS SET OR TIED.
MM INDICATES DATA IS MISSING.
T  INDICATES TRACE AMOUNT.




$$
