000
CDUS43 KMPX 020735
CLISTC


CLIMATE REPORT
NATIONAL WEATHER SERVICE CHANHASSEN MN
235 AM CDT SAT MAY 2 2015


...................................

...THE ST CLOUD MN CLIMATE SUMMARY FOR MAY 1 2015...

CLIMATE NORMAL PERIOD 1981 TO 2010
CLIMATE RECORD PERIOD 1893 TO 2015


WEATHER ITEM   OBSERVED TIME   RECORD YEAR NORMAL DEPARTURE LAST
                VALUE   (LST)  VALUE       VALUE  FROM      YEAR
                                                  NORMAL
..................................................................
TEMPERATURE (F)
 YESTERDAY
  MAXIMUM         69    419 PM  94    1959  64      5       51
  MINIMUM         46   1253 AM  22    1966  39      7       39
  AVERAGE         58                        52      6       45

PRECIPITATION (IN)
  YESTERDAY        0.02          1.80 1894   0.10  -0.08     0.13
  MONTH TO DATE    0.02                      0.10  -0.08     0.13
  SINCE MAR 1      2.07                      4.22  -2.15     7.23
  SINCE JAN 1      2.66                      5.46  -2.80     9.74

SNOWFALL (IN)
  YESTERDAY        0.0           2.8  1935   0.0    0.0      0.0
  MONTH TO DATE    0.0                       0.0    0.0      0.0
  SINCE MAR 1      4.3                      11.5   -7.2     21.2
  SINCE JUL 1     31.1                      45.7  -14.6     75.5
  SNOW DEPTH       0

DEGREE DAYS
 HEATING
  YESTERDAY        7                        14     -7       20
  MONTH TO DATE    7                        14     -7       20
  SINCE MAR 1   1559                      1735   -176     2043
  SINCE JUL 1   7817                      8181   -364     9252

 COOLING
  YESTERDAY        0                         0      0        0
  MONTH TO DATE    0                         0      0        0
  SINCE MAR 1      0                         2     -2        0
  SINCE JAN 1      0                         2     -2        0
..................................................................


WIND (MPH)
  HIGHEST WIND SPEED    16   HIGHEST WIND DIRECTION     S (160)
  HIGHEST GUST SPEED    23   HIGHEST GUST DIRECTION     S (160)
  AVERAGE WIND SPEED     6.7


SKY COVER
  POSSIBLE SUNSHINE  MM
  AVERAGE SKY COVER 0.5


WEATHER CONDITIONS
 THE FOLLOWING WEATHER WAS RECORDED YESTERDAY.
  LIGHT RAIN


RELATIVE HUMIDITY (PERCENT)
 HIGHEST    86          1100 PM
 LOWEST     50           200 AM
 AVERAGE    68

..........................................................


THE ST CLOUD MN CLIMATE NORMALS FOR TODAY
                         NORMAL    RECORD    YEAR
 MAXIMUM TEMPERATURE (F)   65        94      1959
 MINIMUM TEMPERATURE (F)   40        21      1990
                                             1967


SUNRISE AND SUNSET
MAY  2 2015...........SUNRISE   603 AM CDT   SUNSET   824 PM CDT
MAY  3 2015...........SUNRISE   602 AM CDT   SUNSET   825 PM CDT


-  INDICATES NEGATIVE NUMBERS.
R  INDICATES RECORD WAS SET OR TIED.
MM INDICATES DATA IS MISSING.
T  INDICATES TRACE AMOUNT.




$$
