000
CDUS43 KMPX 222132
CLISTC


CLIMATE REPORT
NATIONAL WEATHER SERVICE CHANHASSEN MN
432 PM CDT WED APR 22 2015


...................................

...THE ST CLOUD MN CLIMATE SUMMARY FOR APRIL 22 2015...
VALID AS OF 0400 PM LOCAL TIME.

CLIMATE NORMAL PERIOD 1981 TO 2010
CLIMATE RECORD PERIOD 1893 TO 2015


WEATHER ITEM   OBSERVED TIME   RECORD YEAR NORMAL DEPARTURE LAST
                VALUE   (LST)  VALUE       VALUE  FROM      YEAR
                                                  NORMAL
..................................................................
TEMPERATURE (F)
 TODAY
  MAXIMUM         47    259 PM  86    1913  60    -13       60
  MINIMUM         28    553 AM  23    1986  36     -8       32
                                      1967
                                      1909
  AVERAGE         38                        48    -10       46

PRECIPITATION (IN)
  TODAY            0.00          3.52 2001   0.09  -0.09     0.00
  MONTH TO DATE    1.19                      1.76  -0.57     1.56
  SINCE MAR 1      1.57                      3.31  -1.74     2.76
  SINCE JAN 1      2.16                      4.55  -2.39     5.27

SNOWFALL (IN)
  TODAY            0.0           3.8  1963   0.1   -0.1      0.0
  MONTH TO DATE    1.0                       2.6   -1.6     12.0
  SINCE MAR 1      4.3                      11.1   -6.8     21.2
  SINCE JUL 1     31.1                      45.3  -14.2     75.5
  SNOW DEPTH       0

DEGREE DAYS
 HEATING
  TODAY           27                        17     10       19
  MONTH TO DATE  415                       495    -80      542
  SINCE MAR 1   1416                      1599   -183     1849
  SINCE JUL 1   7674                      8045   -371     9058

 COOLING
  TODAY            0                         0      0        0
  MONTH TO DATE    0                         0      0        0
  SINCE MAR 1      0                         0      0        0
  SINCE JAN 1      0                         0      0        0
..................................................................


WIND (MPH)
  HIGHEST WIND SPEED    29   HIGHEST WIND DIRECTION    NW (310)
  HIGHEST GUST SPEED    40   HIGHEST GUST DIRECTION    NW (300)
  AVERAGE WIND SPEED    18.0


SKY COVER
  POSSIBLE SUNSHINE  MM
  AVERAGE SKY COVER 0.2


WEATHER CONDITIONS
 THE FOLLOWING WEATHER WAS RECORDED TODAY.
  NO SIGNIFICANT WEATHER WAS OBSERVED.


RELATIVE HUMIDITY (PERCENT)
 HIGHEST    69          1200 AM
 LOWEST     17           300 PM
 AVERAGE    43

..........................................................


THE ST CLOUD MN CLIMATE NORMALS FOR TOMORROW
                         NORMAL    RECORD    YEAR
 MAXIMUM TEMPERATURE (F)   61        88      1913
 MINIMUM TEMPERATURE (F)   36        17      1909


SUNRISE AND SUNSET
APRIL 22 2015.........SUNRISE   619 AM CDT   SUNSET   811 PM CDT
APRIL 23 2015.........SUNRISE   617 AM CDT   SUNSET   813 PM CDT


-  INDICATES NEGATIVE NUMBERS.
R  INDICATES RECORD WAS SET OR TIED.
MM INDICATES DATA IS MISSING.
T  INDICATES TRACE AMOUNT.




$$
