000
CDUS43 KMPX 300709
CLISTC


CLIMATE REPORT
NATIONAL WEATHER SERVICE CHANHASSEN MN
209 AM CDT THU APR 30 2015


...................................

...THE ST CLOUD MN CLIMATE SUMMARY FOR APRIL 29 2015...

CLIMATE NORMAL PERIOD 1981 TO 2010
CLIMATE RECORD PERIOD 1893 TO 2015


WEATHER ITEM   OBSERVED TIME   RECORD YEAR NORMAL DEPARTURE LAST
                VALUE   (LST)  VALUE       VALUE  FROM      YEAR
                                                  NORMAL
..................................................................
TEMPERATURE (F)
 YESTERDAY
  MAXIMUM         68    247 PM  86    1952  63      5       46
  MINIMUM         31    516 AM  18    1958  39     -8       37
  AVERAGE         50                        51     -1       42

PRECIPITATION (IN)
  YESTERDAY        0.00          1.24 2006   0.11  -0.11     0.11
  MONTH TO DATE    1.67                      2.47  -0.80     5.88
  SINCE MAR 1      2.05                      4.02  -1.97     7.08
  SINCE JAN 1      2.64                      5.26  -2.62     9.59

SNOWFALL (IN)
  YESTERDAY        0.0           3.0  1950   0.1   -0.1       T
                                      1909
  MONTH TO DATE    1.0                       3.0   -2.0     12.0
  SINCE MAR 1      4.3                      11.5   -7.2     21.2
  SINCE JUL 1     31.1                      45.7  -14.6     75.5
  SNOW DEPTH       0

DEGREE DAYS
 HEATING
  YESTERDAY       15                        14      1       23
  MONTH TO DATE  542                       604    -62      693
  SINCE MAR 1   1543                      1708   -165     2000
  SINCE JUL 1   7801                      8154   -353     9209

 COOLING
  YESTERDAY        0                         0      0        0
  MONTH TO DATE    0                         0      0        0
  SINCE MAR 1      0                         0      0        0
  SINCE JAN 1      0                         0      0        0
..................................................................


WIND (MPH)
  HIGHEST WIND SPEED    17   HIGHEST WIND DIRECTION     N (10)
  HIGHEST GUST SPEED    23   HIGHEST GUST DIRECTION     N (360)
  AVERAGE WIND SPEED     5.4


SKY COVER
  POSSIBLE SUNSHINE  MM
  AVERAGE SKY COVER 0.0


WEATHER CONDITIONS
 THE FOLLOWING WEATHER WAS RECORDED YESTERDAY.
  NO SIGNIFICANT WEATHER WAS OBSERVED.


RELATIVE HUMIDITY (PERCENT)
 HIGHEST    75           300 AM
 LOWEST     26           100 PM
 AVERAGE    51

..........................................................


THE ST CLOUD MN CLIMATE NORMALS FOR TODAY
                         NORMAL    RECORD    YEAR
 MAXIMUM TEMPERATURE (F)   64        91      1934
 MINIMUM TEMPERATURE (F)   39        21      1966
                                             1903


SUNRISE AND SUNSET
APRIL 30 2015.........SUNRISE   606 AM CDT   SUNSET   822 PM CDT
MAY  1 2015...........SUNRISE   605 AM CDT   SUNSET   823 PM CDT


-  INDICATES NEGATIVE NUMBERS.
R  INDICATES RECORD WAS SET OR TIED.
MM INDICATES DATA IS MISSING.
T  INDICATES TRACE AMOUNT.




$$
