000
CDUS43 KMPX 270627
CLISTC


CLIMATE REPORT
NATIONAL WEATHER SERVICE CHANHASSEN MN
127 AM CDT MON APR 27 2015


...................................

...THE ST CLOUD MN CLIMATE SUMMARY FOR APRIL 26 2015...

CLIMATE NORMAL PERIOD 1981 TO 2010
CLIMATE RECORD PERIOD 1893 TO 2015


WEATHER ITEM   OBSERVED TIME   RECORD YEAR NORMAL DEPARTURE LAST
                VALUE   (LST)  VALUE       VALUE  FROM      YEAR
                                                  NORMAL
..................................................................
TEMPERATURE (F)
 YESTERDAY
  MAXIMUM         62    523 PM  84    1970  62      0       56
  MINIMUM         31    604 AM  22    1907  37     -6       34
  AVERAGE         47                        50     -3       45

PRECIPITATION (IN)
  YESTERDAY        0.00          2.47 1984   0.10  -0.10     0.11
  MONTH TO DATE    1.67                      2.16  -0.49     2.31
  SINCE MAR 1      2.05                      3.71  -1.66     3.51
  SINCE JAN 1      2.64                      4.95  -2.31     6.02

SNOWFALL (IN)
  YESTERDAY        0.0           1.5  2008   0.1   -0.1      0.0
  MONTH TO DATE    1.0                       2.9   -1.9     12.0
  SINCE MAR 1      4.3                      11.4   -7.1     21.2
  SINCE JUL 1     31.1                      45.6  -14.5     75.5
  SNOW DEPTH       0

DEGREE DAYS
 HEATING
  YESTERDAY       18                        16      2       20
  MONTH TO DATE  497                       560    -63      625
  SINCE MAR 1   1498                      1664   -166     1932
  SINCE JUL 1   7756                      8110   -354     9141

 COOLING
  YESTERDAY        0                         0      0        0
  MONTH TO DATE    0                         0      0        0
  SINCE MAR 1      0                         0      0        0
  SINCE JAN 1      0                         0      0        0
..................................................................


WIND (MPH)
  HIGHEST WIND SPEED    13   HIGHEST WIND DIRECTION     E (90)
  HIGHEST GUST SPEED    16   HIGHEST GUST DIRECTION     E (80)
  AVERAGE WIND SPEED     5.3


SKY COVER
  POSSIBLE SUNSHINE  MM
  AVERAGE SKY COVER 0.0


WEATHER CONDITIONS
 THE FOLLOWING WEATHER WAS RECORDED YESTERDAY.
  NO SIGNIFICANT WEATHER WAS OBSERVED.


RELATIVE HUMIDITY (PERCENT)
 HIGHEST    72           600 AM
 LOWEST     20           200 PM
 AVERAGE    46

..........................................................


THE ST CLOUD MN CLIMATE NORMALS FOR TODAY
                         NORMAL    RECORD    YEAR
 MAXIMUM TEMPERATURE (F)   63        86      1977
                                             1952
                                             1910
 MINIMUM TEMPERATURE (F)   38        12      1909


SUNRISE AND SUNSET
APRIL 27 2015.........SUNRISE   611 AM CDT   SUNSET   818 PM CDT
APRIL 28 2015.........SUNRISE   609 AM CDT   SUNSET   819 PM CDT


-  INDICATES NEGATIVE NUMBERS.
R  INDICATES RECORD WAS SET OR TIED.
MM INDICATES DATA IS MISSING.
T  INDICATES TRACE AMOUNT.




$$
