000
CDUS43 KMPX 060748
CLISTC


CLIMATE REPORT
NATIONAL WEATHER SERVICE CHANHASSEN MN
247 AM CDT WED MAY 6 2015


...................................

...THE ST CLOUD MN CLIMATE SUMMARY FOR MAY 5 2015...

CLIMATE NORMAL PERIOD 1981 TO 2010
CLIMATE RECORD PERIOD 1893 TO 2015


WEATHER ITEM   OBSERVED TIME   RECORD YEAR NORMAL DEPARTURE LAST
                VALUE   (LST)  VALUE       VALUE  FROM      YEAR
                                                  NORMAL
..................................................................
TEMPERATURE (F)
 YESTERDAY
  MAXIMUM         74    156 PM  91    2000  66      8       66
  MINIMUM         47    537 AM  25    1967  41      6       47
                                      1944
  AVERAGE         61                        53      8       57

PRECIPITATION (IN)
  YESTERDAY        T             1.86 1912   0.09  -0.09     0.00
  MONTH TO DATE    0.06                      0.48  -0.42     0.13
  SINCE MAR 1      2.11                      4.60  -2.49     7.23
  SINCE JAN 1      2.70                      5.84  -3.14     9.74

SNOWFALL (IN)
  YESTERDAY        0.0           0.3  1991   0.0    0.0      0.0
  MONTH TO DATE    0.0                       0.0    0.0      0.0
  SINCE MAR 1      4.3                      11.5   -7.2     21.2
  SINCE JUL 1     31.1                      45.7  -14.6     75.5
  SNOW DEPTH       0

DEGREE DAYS
 HEATING
  YESTERDAY        4                        12     -8        8
  MONTH TO DATE   32                        65    -33       77
  SINCE MAR 1   1584                      1786   -202     2100
  SINCE JUL 1   7842                      8232   -390     9309

 COOLING
  YESTERDAY        0                         0      0        0
  MONTH TO DATE    0                         0      0        0
  SINCE MAR 1      0                         2     -2        0
  SINCE JAN 1      0                         2     -2        0
..................................................................


WIND (MPH)
  HIGHEST WIND SPEED    26   HIGHEST WIND DIRECTION    SE (150)
  HIGHEST GUST SPEED    32   HIGHEST GUST DIRECTION    SE (150)
  AVERAGE WIND SPEED    11.1


SKY COVER
  POSSIBLE SUNSHINE  MM
  AVERAGE SKY COVER 0.4


WEATHER CONDITIONS
 THE FOLLOWING WEATHER WAS RECORDED YESTERDAY.
  LIGHT RAIN


RELATIVE HUMIDITY (PERCENT)
 HIGHEST    80          1100 PM
 LOWEST     30          1200 AM
 AVERAGE    55

..........................................................


THE ST CLOUD MN CLIMATE NORMALS FOR TODAY
                         NORMAL    RECORD    YEAR
 MAXIMUM TEMPERATURE (F)   66        87      2000
                                             1918
 MINIMUM TEMPERATURE (F)   41        24      1944


SUNRISE AND SUNSET
MAY  6 2015...........SUNRISE   557 AM CDT   SUNSET   829 PM CDT
MAY  7 2015...........SUNRISE   556 AM CDT   SUNSET   830 PM CDT


-  INDICATES NEGATIVE NUMBERS.
R  INDICATES RECORD WAS SET OR TIED.
MM INDICATES DATA IS MISSING.
T  INDICATES TRACE AMOUNT.




$$
