000
CDUS43 KMPX 242121
CLISTC


CLIMATE REPORT
NATIONAL WEATHER SERVICE CHANHASSEN MN
421 PM CDT FRI APR 24 2015


...................................

...THE ST CLOUD MN CLIMATE SUMMARY FOR APRIL 24 2015...
VALID AS OF 0400 PM LOCAL TIME.

CLIMATE NORMAL PERIOD 1981 TO 2010
CLIMATE RECORD PERIOD 1893 TO 2015


WEATHER ITEM   OBSERVED TIME   RECORD YEAR NORMAL DEPARTURE LAST
                VALUE   (LST)  VALUE       VALUE  FROM      YEAR
                                                  NORMAL
..................................................................
TEMPERATURE (F)
 TODAY
  MAXIMUM         45    854 AM  87    1962  61    -16       45
  MINIMUM         40   1253 PM  18    1956  36      4       36
  AVERAGE         43                        49     -6       41

PRECIPITATION (IN)
  TODAY            0.48          1.35 1908   0.11   0.37     0.26
  MONTH TO DATE    1.67                      1.96  -0.29     2.20
  SINCE MAR 1      2.05                      3.51  -1.46     3.40
  SINCE JAN 1      2.64                      4.75  -2.11     5.91

SNOWFALL (IN)
  TODAY            0.0           T    2013   0.0    0.0      0.0
                                      1950
                                      2000
  MONTH TO DATE    1.0                       2.7   -1.7     12.0
  SINCE MAR 1      4.3                      11.2   -6.9     21.2
  SINCE JUL 1     31.1                      45.4  -14.3     75.5
  SNOW DEPTH       0

DEGREE DAYS
 HEATING
  TODAY           22                        16      6       24
  MONTH TO DATE  463                       528    -65      587
  SINCE MAR 1   1464                      1632   -168     1894
  SINCE JUL 1   7722                      8078   -356     9103

 COOLING
  TODAY            0                         0      0        0
  MONTH TO DATE    0                         0      0        0
  SINCE MAR 1      0                         0      0        0
  SINCE JAN 1      0                         0      0        0
..................................................................


WIND (MPH)
  HIGHEST WIND SPEED    20   HIGHEST WIND DIRECTION    SE (130)
  HIGHEST GUST SPEED    27   HIGHEST GUST DIRECTION    SE (140)
  AVERAGE WIND SPEED     7.9


SKY COVER
  POSSIBLE SUNSHINE  MM
  AVERAGE SKY COVER 1.0


WEATHER CONDITIONS
 THE FOLLOWING WEATHER WAS RECORDED TODAY.
  RAIN
  LIGHT RAIN
  FOG


RELATIVE HUMIDITY (PERCENT)
 HIGHEST    93           200 PM
 LOWEST     22           200 AM
 AVERAGE    58

..........................................................


THE ST CLOUD MN CLIMATE NORMALS FOR TOMORROW
                         NORMAL    RECORD    YEAR
 MAXIMUM TEMPERATURE (F)   62        88      1962
 MINIMUM TEMPERATURE (F)   37        21      1907


SUNRISE AND SUNSET
APRIL 24 2015.........SUNRISE   616 AM CDT   SUNSET   814 PM CDT
APRIL 25 2015.........SUNRISE   614 AM CDT   SUNSET   815 PM CDT


-  INDICATES NEGATIVE NUMBERS.
R  INDICATES RECORD WAS SET OR TIED.
MM INDICATES DATA IS MISSING.
T  INDICATES TRACE AMOUNT.




$$
