000
CDUS43 KMPX 180759
CLISTC


CLIMATE REPORT
NATIONAL WEATHER SERVICE CHANHASSEN MN
259 AM CDT SAT APR 18 2015


...................................

...THE ST CLOUD MN CLIMATE SUMMARY FOR APRIL 17 2015...

CLIMATE NORMAL PERIOD 1981 TO 2010
CLIMATE RECORD PERIOD 1893 TO 2015


WEATHER ITEM   OBSERVED TIME   RECORD YEAR NORMAL DEPARTURE LAST
                VALUE   (LST)  VALUE       VALUE  FROM      YEAR
                                                  NORMAL
..................................................................
TEMPERATURE (F)
 YESTERDAY
  MAXIMUM         73    453 PM  86    1987  58     15       44
  MINIMUM         42   1154 PM  15    1907  33      9       25
  AVERAGE         58                        45     13       35

PRECIPITATION (IN)
  YESTERDAY        0.00          0.80 1896   0.09  -0.09     0.00
  MONTH TO DATE    0.97                      1.32  -0.35     1.55
  SINCE MAR 1      1.35                      2.87  -1.52     2.75
  SINCE JAN 1      1.94                      4.11  -2.17     5.26

SNOWFALL (IN)
  YESTERDAY        0.0           5.0  1939   0.1   -0.1      0.0
  MONTH TO DATE    1.0                       2.2   -1.2     12.0
  SINCE MAR 1      4.3                      10.7   -6.4     21.2
  SINCE JUL 1     31.1                      44.9  -13.8     75.5
  SNOW DEPTH       0

DEGREE DAYS
 HEATING
  YESTERDAY        7                        20    -13       30
  MONTH TO DATE  307                       404    -97      453
  SINCE MAR 1   1308                      1508   -200     1760
  SINCE JUL 1   7566                      7954   -388     8969

 COOLING
  YESTERDAY        0                         0      0        0
  MONTH TO DATE    0                         0      0        0
  SINCE MAR 1      0                         0      0        0
  SINCE JAN 1      0                         0      0        0
..................................................................


WIND (MPH)
  HIGHEST WIND SPEED    15   HIGHEST WIND DIRECTION     W (290)
  HIGHEST GUST SPEED    18   HIGHEST GUST DIRECTION    NW (300)
  AVERAGE WIND SPEED     4.8


SKY COVER
  POSSIBLE SUNSHINE  MM
  AVERAGE SKY COVER 0.0


WEATHER CONDITIONS
 THE FOLLOWING WEATHER WAS RECORDED YESTERDAY.
  NO SIGNIFICANT WEATHER WAS OBSERVED.


RELATIVE HUMIDITY (PERCENT)
 HIGHEST    89           600 AM
 LOWEST     16           500 PM
 AVERAGE    53

..........................................................


THE ST CLOUD MN CLIMATE NORMALS FOR TODAY
                         NORMAL    RECORD    YEAR
 MAXIMUM TEMPERATURE (F)   58        88      1987
 MINIMUM TEMPERATURE (F)   34        17      1928


SUNRISE AND SUNSET
APRIL 18 2015.........SUNRISE   626 AM CDT   SUNSET   806 PM CDT
APRIL 19 2015.........SUNRISE   624 AM CDT   SUNSET   808 PM CDT


-  INDICATES NEGATIVE NUMBERS.
R  INDICATES RECORD WAS SET OR TIED.
MM INDICATES DATA IS MISSING.
T  INDICATES TRACE AMOUNT.




$$
