000
CDUS43 KMPX 010637
CLISTC


CLIMATE REPORT
NATIONAL WEATHER SERVICE CHANHASSEN MN
136 AM CDT FRI MAY 1 2015


...................................

...THE ST CLOUD MN CLIMATE SUMMARY FOR APRIL 30 2015...

CLIMATE NORMAL PERIOD 1981 TO 2010
CLIMATE RECORD PERIOD 1893 TO 2015


WEATHER ITEM   OBSERVED TIME   RECORD YEAR NORMAL DEPARTURE LAST
                VALUE   (LST)  VALUE       VALUE  FROM      YEAR
                                                  NORMAL
..................................................................
TEMPERATURE (F)
 YESTERDAY
  MAXIMUM         68    448 PM  91    1934  64      4       46
  MINIMUM         44    551 AM  21    1966  39      5       38
                                      1903
  AVERAGE         56                        51      5       42

PRECIPITATION (IN)
  YESTERDAY        0.00          1.43 1954   0.10  -0.10     0.02
  MONTH TO DATE    1.67                      2.57  -0.90     5.90
  SINCE MAR 1      2.05                      4.12  -2.07     7.10
  SINCE JAN 1      2.64                      5.36  -2.72     9.61

SNOWFALL (IN)
  YESTERDAY        0.0           2.0  1909   0.0    0.0      0.0
  MONTH TO DATE    1.0                       3.0   -2.0     12.0
  SINCE MAR 1      4.3                      11.5   -7.2     21.2
  SINCE JUL 1     31.1                      45.7  -14.6     75.5
  SNOW DEPTH       0

DEGREE DAYS
 HEATING
  YESTERDAY        9                        14     -5       23
  MONTH TO DATE  551                       618    -67      716
  SINCE MAR 1   1552                      1721   -169     2023
  SINCE JUL 1   7810                      8167   -357     9232

 COOLING
  YESTERDAY        0                         0      0        0
  MONTH TO DATE    0                         2     -2        0
  SINCE MAR 1      0                         2     -2        0
  SINCE JAN 1      0                         2     -2        0
..................................................................


WIND (MPH)
  HIGHEST WIND SPEED    13   HIGHEST WIND DIRECTION    SE (150)
  HIGHEST GUST SPEED    20   HIGHEST GUST DIRECTION    SE (140)
  AVERAGE WIND SPEED     5.3


SKY COVER
  POSSIBLE SUNSHINE  MM
  AVERAGE SKY COVER 0.1


WEATHER CONDITIONS
 THE FOLLOWING WEATHER WAS RECORDED YESTERDAY.
  NO SIGNIFICANT WEATHER WAS OBSERVED.


RELATIVE HUMIDITY (PERCENT)
 HIGHEST    83           200 AM
 LOWEST     28           500 PM
 AVERAGE    56

..........................................................


THE ST CLOUD MN CLIMATE NORMALS FOR TODAY
                         NORMAL    RECORD    YEAR
 MAXIMUM TEMPERATURE (F)   64        94      1959
 MINIMUM TEMPERATURE (F)   39        22      1966


SUNRISE AND SUNSET
MAY  1 2015...........SUNRISE   605 AM CDT   SUNSET   823 PM CDT
MAY  2 2015...........SUNRISE   603 AM CDT   SUNSET   824 PM CDT


-  INDICATES NEGATIVE NUMBERS.
R  INDICATES RECORD WAS SET OR TIED.
MM INDICATES DATA IS MISSING.
T  INDICATES TRACE AMOUNT.




$$
