000
CDUS43 KMPX 300907
CLISTC


CLIMATE REPORT
NATIONAL WEATHER SERVICE CHANHASSEN MN
405 AM CDT MON MAR 30 2015


...................................

...THE ST CLOUD MN CLIMATE SUMMARY FOR MARCH 29 2015...

CLIMATE NORMAL PERIOD 1981 TO 2010
CLIMATE RECORD PERIOD 1893 TO 2015


WEATHER ITEM   OBSERVED TIME   RECORD YEAR NORMAL DEPARTURE LAST
                VALUE   (LST)  VALUE       VALUE  FROM      YEAR
                                                  NORMAL
..................................................................
TEMPERATURE (F)
 YESTERDAY
  MAXIMUM         52    342 PM  76    1910  46      6       40
  MINIMUM         34   1135 PM  -8    1969  25      9       13
  AVERAGE         43                        36      7       27

PRECIPITATION (IN)
  YESTERDAY        0.16          1.13 1940   0.07   0.09     0.00
  MONTH TO DATE    0.37                      1.42  -1.05     1.17
  SINCE MAR 1      0.37                      1.42  -1.05     1.17
  SINCE JAN 1      0.96                      2.66  -1.70     3.68

SNOWFALL (IN)
  YESTERDAY        T             4.0  1924   0.2   -0.2      0.0
  MONTH TO DATE    3.3                       8.1   -4.8      9.2
  SINCE MAR 1      3.3                       8.1   -4.8      9.2
  SINCE JUL 1     30.1                      42.3  -12.2     63.5
  SNOW DEPTH       0

DEGREE DAYS
 HEATING
  YESTERDAY       22                        29     -7       38
  MONTH TO DATE  959                      1045    -86     1263
  SINCE MAR 1    959                      1045    -86     1263
  SINCE JUL 1   7217                      7491   -274     8472

 COOLING
  YESTERDAY        0                         0      0        0
  MONTH TO DATE    0                         0      0        0
  SINCE MAR 1      0                         0      0        0
  SINCE JAN 1      0                         0      0        0
..................................................................


WIND (MPH)
  HIGHEST WIND SPEED    38   HIGHEST WIND DIRECTION    NW (310)
  HIGHEST GUST SPEED    47   HIGHEST GUST DIRECTION    NW (310)
  AVERAGE WIND SPEED    17.7


SKY COVER
  POSSIBLE SUNSHINE  MM
  AVERAGE SKY COVER 0.4


WEATHER CONDITIONS
 THE FOLLOWING WEATHER WAS RECORDED YESTERDAY.
  RAIN
  LIGHT RAIN
  FOG


RELATIVE HUMIDITY (PERCENT)
 HIGHEST    89           700 AM
 LOWEST     39           500 PM
 AVERAGE    64

..........................................................


THE ST CLOUD MN CLIMATE NORMALS FOR TODAY
                         NORMAL    RECORD    YEAR
 MAXIMUM TEMPERATURE (F)   47        79      1968
 MINIMUM TEMPERATURE (F)   26        -7      1969


SUNRISE AND SUNSET
MARCH 30 2015.........SUNRISE   701 AM CDT   SUNSET   742 PM CDT
MARCH 31 2015.........SUNRISE   659 AM CDT   SUNSET   743 PM CDT


-  INDICATES NEGATIVE NUMBERS.
R  INDICATES RECORD WAS SET OR TIED.
MM INDICATES DATA IS MISSING.
T  INDICATES TRACE AMOUNT.




$$
