000
CDUS43 KMPX 120625
CLISTC


CLIMATE REPORT
NATIONAL WEATHER SERVICE CHANHASSEN MN
122 AM CDT SUN APR 12 2015


...................................

...THE ST CLOUD MN CLIMATE SUMMARY FOR APRIL 11 2015...

CLIMATE NORMAL PERIOD 1981 TO 2010
CLIMATE RECORD PERIOD 1893 TO 2015


WEATHER ITEM   OBSERVED TIME   RECORD YEAR NORMAL DEPARTURE LAST
                VALUE   (LST)  VALUE       VALUE  FROM      YEAR
                                                  NORMAL
..................................................................
TEMPERATURE (F)
 YESTERDAY
  MAXIMUM         69    503 PM  82    1968  54     15       64
  MINIMUM         26    555 AM  10    1940  31     -5       39
  AVERAGE         48                        42      6       52

PRECIPITATION (IN)
  YESTERDAY        0.00          1.30 2001   0.08  -0.08     0.01
  MONTH TO DATE    0.31                      0.80  -0.49     0.41
  SINCE MAR 1      0.69                      2.35  -1.66     1.61
  SINCE JAN 1      1.28                      3.59  -2.31     4.12

SNOWFALL (IN)
  YESTERDAY        0.0           8.7  2013   0.1   -0.1      0.0
  MONTH TO DATE    1.0                       1.5   -0.5      3.5
  SINCE MAR 1      4.3                      10.0   -5.7     12.7
  SINCE JUL 1     31.1                      44.2  -13.1     67.0
  SNOW DEPTH       0

DEGREE DAYS
 HEATING
  YESTERDAY       17                        23     -6       13
  MONTH TO DATE  255                       278    -23      269
  SINCE MAR 1   1256                      1382   -126     1576
  SINCE JUL 1   7514                      7828   -314     8785

 COOLING
  YESTERDAY        0                         0      0        0
  MONTH TO DATE    0                         0      0        0
  SINCE MAR 1      0                         0      0        0
  SINCE JAN 1      0                         0      0        0
..................................................................


WIND (MPH)
  HIGHEST WIND SPEED    29   HIGHEST WIND DIRECTION     S (170)
  HIGHEST GUST SPEED    37   HIGHEST GUST DIRECTION     S (170)
  AVERAGE WIND SPEED    12.1


SKY COVER
  POSSIBLE SUNSHINE  MM
  AVERAGE SKY COVER 0.0


WEATHER CONDITIONS
 THE FOLLOWING WEATHER WAS RECORDED YESTERDAY.
  NO SIGNIFICANT WEATHER WAS OBSERVED.


RELATIVE HUMIDITY (PERCENT)
 HIGHEST    92           400 AM
 LOWEST     32           500 PM
 AVERAGE    62

..........................................................


THE ST CLOUD MN CLIMATE NORMALS FOR TODAY
                         NORMAL    RECORD    YEAR
 MAXIMUM TEMPERATURE (F)   55        82      1931
 MINIMUM TEMPERATURE (F)   31        13      1992
                                             1950


SUNRISE AND SUNSET
APRIL 12 2015.........SUNRISE   637 AM CDT   SUNSET   758 PM CDT
APRIL 13 2015.........SUNRISE   635 AM CDT   SUNSET   800 PM CDT


-  INDICATES NEGATIVE NUMBERS.
R  INDICATES RECORD WAS SET OR TIED.
MM INDICATES DATA IS MISSING.
T  INDICATES TRACE AMOUNT.




$$
