000
CDUS43 KMPX 252135
CLISTC


CLIMATE REPORT
NATIONAL WEATHER SERVICE CHANHASSEN MN
435 PM CDT SAT APR 25 2015


...................................

...THE ST CLOUD MN CLIMATE SUMMARY FOR APRIL 25 2015...
VALID AS OF 0400 PM LOCAL TIME.

CLIMATE NORMAL PERIOD 1981 TO 2010
CLIMATE RECORD PERIOD 1893 TO 2015


WEATHER ITEM   OBSERVED TIME   RECORD YEAR NORMAL DEPARTURE LAST
                VALUE   (LST)  VALUE       VALUE  FROM      YEAR
                                                  NORMAL
..................................................................
TEMPERATURE (F)
 TODAY
  MAXIMUM         59    259 PM  88    1962  62     -3       62
  MINIMUM         42    556 AM  21    1907  37      5       31
  AVERAGE         51                        49      2       47

PRECIPITATION (IN)
  TODAY            0.00          1.17 1954   0.10  -0.10     0.00
  MONTH TO DATE    1.67                      2.06  -0.39     2.20
  SINCE MAR 1      2.05                      3.61  -1.56     3.40
  SINCE JAN 1      2.64                      4.85  -2.21     5.91

SNOWFALL (IN)
  TODAY            0.0           6.2  1950   0.1   -0.1      0.0
  MONTH TO DATE    1.0                       2.8   -1.8     12.0
  SINCE MAR 1      4.3                      11.3   -7.0     21.2
  SINCE JUL 1     31.1                      45.5  -14.4     75.5
  SNOW DEPTH       0

DEGREE DAYS
 HEATING
  TODAY           14                        16     -2       18
  MONTH TO DATE  477                       544    -67      605
  SINCE MAR 1   1478                      1648   -170     1912
  SINCE JUL 1   7736                      8094   -358     9121

 COOLING
  TODAY            0                         0      0        0
  MONTH TO DATE    0                         0      0        0
  SINCE MAR 1      0                         0      0        0
  SINCE JAN 1      0                         0      0        0
..................................................................


WIND (MPH)
  HIGHEST WIND SPEED    17   HIGHEST WIND DIRECTION     E (90)
  HIGHEST GUST SPEED    25   HIGHEST GUST DIRECTION     E (90)
  AVERAGE WIND SPEED     9.2


SKY COVER
  POSSIBLE SUNSHINE  MM
  AVERAGE SKY COVER 0.9


WEATHER CONDITIONS
 THE FOLLOWING WEATHER WAS RECORDED TODAY.
  NO SIGNIFICANT WEATHER WAS OBSERVED.


RELATIVE HUMIDITY (PERCENT)
 HIGHEST    83          1200 AM
 LOWEST     40           300 PM
 AVERAGE    62

..........................................................


THE ST CLOUD MN CLIMATE NORMALS FOR TOMORROW
                         NORMAL    RECORD    YEAR
 MAXIMUM TEMPERATURE (F)   62        84      1970
 MINIMUM TEMPERATURE (F)   37        22      1907


SUNRISE AND SUNSET
APRIL 25 2015.........SUNRISE   614 AM CDT   SUNSET   815 PM CDT
APRIL 26 2015.........SUNRISE   612 AM CDT   SUNSET   817 PM CDT


-  INDICATES NEGATIVE NUMBERS.
R  INDICATES RECORD WAS SET OR TIED.
MM INDICATES DATA IS MISSING.
T  INDICATES TRACE AMOUNT.




$$
