000
CDUS43 KMPX 170822
CLISTC


CLIMATE REPORT
NATIONAL WEATHER SERVICE CHANHASSEN MN
321 AM CDT FRI APR 17 2015


...................................

...THE ST CLOUD MN CLIMATE SUMMARY FOR APRIL 16 2015...

CLIMATE NORMAL PERIOD 1981 TO 2010
CLIMATE RECORD PERIOD 1893 TO 2015


WEATHER ITEM   OBSERVED TIME   RECORD YEAR NORMAL DEPARTURE LAST
                VALUE   (LST)  VALUE       VALUE  FROM      YEAR
                                                  NORMAL
..................................................................
TEMPERATURE (F)
 YESTERDAY
  MAXIMUM         69    349 PM  86    1913  57     12       32
  MINIMUM         48   1106 PM  16    1907  33     15       29
  AVERAGE         59                        45     14       31

PRECIPITATION (IN)
  YESTERDAY        T             3.26 2003   0.09  -0.09     0.98
  MONTH TO DATE    0.97                      1.23  -0.26     1.55
  SINCE MAR 1      1.35                      2.78  -1.43     2.75
  SINCE JAN 1      1.94                      4.02  -2.08     5.26

SNOWFALL (IN)
  YESTERDAY        0.0           8.5  2014   0.1   -0.1      8.5
  MONTH TO DATE    1.0                       2.1   -1.1     12.0
  SINCE MAR 1      4.3                      10.6   -6.3     21.2
  SINCE JUL 1     31.1                      44.8  -13.7     75.5
  SNOW DEPTH       0

DEGREE DAYS
 HEATING
  YESTERDAY        6                        20    -14       34
  MONTH TO DATE  300                       384    -84      423
  SINCE MAR 1   1301                      1488   -187     1730
  SINCE JUL 1   7559                      7934   -375     8939

 COOLING
  YESTERDAY        0                         0      0        0
  MONTH TO DATE    0                         0      0        0
  SINCE MAR 1      0                         0      0        0
  SINCE JAN 1      0                         0      0        0
..................................................................


WIND (MPH)
  HIGHEST WIND SPEED    14   HIGHEST WIND DIRECTION    SE (130)
  HIGHEST GUST SPEED    17   HIGHEST GUST DIRECTION    SE (140)
  AVERAGE WIND SPEED     6.3


SKY COVER
  POSSIBLE SUNSHINE  MM
  AVERAGE SKY COVER 0.8


WEATHER CONDITIONS
 THE FOLLOWING WEATHER WAS RECORDED YESTERDAY.
  NO SIGNIFICANT WEATHER WAS OBSERVED.


RELATIVE HUMIDITY (PERCENT)
 HIGHEST    80          1100 PM
 LOWEST     30          1200 AM
 AVERAGE    55

..........................................................


THE ST CLOUD MN CLIMATE NORMALS FOR TODAY
                         NORMAL    RECORD    YEAR
 MAXIMUM TEMPERATURE (F)   58        86      1987
 MINIMUM TEMPERATURE (F)   33        15      1907


SUNRISE AND SUNSET
APRIL 17 2015.........SUNRISE   628 AM CDT   SUNSET   805 PM CDT
APRIL 18 2015.........SUNRISE   626 AM CDT   SUNSET   806 PM CDT


-  INDICATES NEGATIVE NUMBERS.
R  INDICATES RECORD WAS SET OR TIED.
MM INDICATES DATA IS MISSING.
T  INDICATES TRACE AMOUNT.




$$
