000
CDUS43 KMPX 040625
CLISTC


CLIMATE REPORT
NATIONAL WEATHER SERVICE CHANHASSEN MN
125 AM CDT MON MAY 4 2015


...................................

...THE ST CLOUD MN CLIMATE SUMMARY FOR MAY 3 2015...

CLIMATE NORMAL PERIOD 1981 TO 2010
CLIMATE RECORD PERIOD 1893 TO 2015


WEATHER ITEM   OBSERVED TIME   RECORD YEAR NORMAL DEPARTURE LAST
                VALUE   (LST)  VALUE       VALUE  FROM      YEAR
                                                  NORMAL
..................................................................
TEMPERATURE (F)
 YESTERDAY
  MAXIMUM         79    234 PM  94    1949  65     14       60
  MINIMUM         44   1112 PM  18    1907  40      4       40
  AVERAGE         62                        52     10       50

PRECIPITATION (IN)
  YESTERDAY        0.04          2.96 1912   0.10  -0.06     0.00
  MONTH TO DATE    0.06                      0.29  -0.23     0.13
  SINCE MAR 1      2.11                      4.41  -2.30     7.23
  SINCE JAN 1      2.70                      5.65  -2.95     9.74

SNOWFALL (IN)
  YESTERDAY        0.0           0.5  1954   0.0    0.0      0.0
  MONTH TO DATE    0.0                       0.0    0.0      0.0
  SINCE MAR 1      4.3                      11.5   -7.2     21.2
  SINCE JUL 1     31.1                      45.7  -14.6     75.5
  SNOW DEPTH       0

DEGREE DAYS
 HEATING
  YESTERDAY        3                        13    -10       15
  MONTH TO DATE   16                        40    -24       50
  SINCE MAR 1   1568                      1761   -193     2073
  SINCE JUL 1   7826                      8207   -381     9282

 COOLING
  YESTERDAY        0                         0      0        0
  MONTH TO DATE    0                         0      0        0
  SINCE MAR 1      0                         2     -2        0
  SINCE JAN 1      0                         2     -2        0
..................................................................


WIND (MPH)
  HIGHEST WIND SPEED    26   HIGHEST WIND DIRECTION     N (340)
  HIGHEST GUST SPEED    35   HIGHEST GUST DIRECTION     N (350)
  AVERAGE WIND SPEED     8.3


SKY COVER
  POSSIBLE SUNSHINE  MM
  AVERAGE SKY COVER 0.3


WEATHER CONDITIONS
 THE FOLLOWING WEATHER WAS RECORDED YESTERDAY.
  LIGHT RAIN
  FOG


RELATIVE HUMIDITY (PERCENT)
 HIGHEST    86           600 AM
 LOWEST     32           400 PM
 AVERAGE    59

..........................................................


THE ST CLOUD MN CLIMATE NORMALS FOR TODAY
                         NORMAL    RECORD    YEAR
 MAXIMUM TEMPERATURE (F)   65        92      1952
 MINIMUM TEMPERATURE (F)   40        19      1967


SUNRISE AND SUNSET
MAY  4 2015...........SUNRISE   600 AM CDT   SUNSET   827 PM CDT
MAY  5 2015...........SUNRISE   559 AM CDT   SUNSET   828 PM CDT


-  INDICATES NEGATIVE NUMBERS.
R  INDICATES RECORD WAS SET OR TIED.
MM INDICATES DATA IS MISSING.
T  INDICATES TRACE AMOUNT.




$$
