000
CDUS43 KMPX 290823
CLISTC


CLIMATE REPORT
NATIONAL WEATHER SERVICE CHANHASSEN MN
319 AM CDT SUN MAR 29 2015


...................................

...THE ST CLOUD MN CLIMATE SUMMARY FOR MARCH 28 2015...

CLIMATE NORMAL PERIOD 1981 TO 2010
CLIMATE RECORD PERIOD 1893 TO 2015


WEATHER ITEM   OBSERVED TIME   RECORD YEAR NORMAL DEPARTURE LAST
                VALUE   (LST)  VALUE       VALUE  FROM      YEAR
                                                  NORMAL
..................................................................
TEMPERATURE (F)
 YESTERDAY
  MAXIMUM         43    403 PM  79    1946  45     -2       32
  MINIMUM         17    624 AM  -4    1969  25     -8       18
  AVERAGE         30                        35     -5       25

PRECIPITATION (IN)
  YESTERDAY        0.00          0.80 1920   0.06  -0.06     0.00
  MONTH TO DATE    0.21                      1.35  -1.14     1.17
  SINCE MAR 1      0.21                      1.35  -1.14     1.17
  SINCE JAN 1      0.80                      2.59  -1.79     3.68

SNOWFALL (IN)
  YESTERDAY        0.0           6.0  1924   0.1   -0.1      0.0
  MONTH TO DATE    3.3                       7.9   -4.6      9.2
  SINCE MAR 1      3.3                       7.9   -4.6      9.2
  SINCE JUL 1     30.1                      42.1  -12.0     63.5
  SNOW DEPTH       0

DEGREE DAYS
 HEATING
  YESTERDAY       35                        30      5       40
  MONTH TO DATE  937                      1016    -79     1225
  SINCE MAR 1    937                      1016    -79     1225
  SINCE JUL 1   7195                      7462   -267     8434

 COOLING
  YESTERDAY        0                         0      0        0
  MONTH TO DATE    0                         0      0        0
  SINCE MAR 1      0                         0      0        0
  SINCE JAN 1      0                         0      0        0
..................................................................


WIND (MPH)
  HIGHEST WIND SPEED    24   HIGHEST WIND DIRECTION     S (170)
  HIGHEST GUST SPEED    31   HIGHEST GUST DIRECTION     S (160)
  AVERAGE WIND SPEED    12.0


SKY COVER
  POSSIBLE SUNSHINE  MM
  AVERAGE SKY COVER 0.1


WEATHER CONDITIONS
 THE FOLLOWING WEATHER WAS RECORDED YESTERDAY.
  NO SIGNIFICANT WEATHER WAS OBSERVED.


RELATIVE HUMIDITY (PERCENT)
 HIGHEST    80           600 AM
 LOWEST     34           100 PM
 AVERAGE    57

..........................................................


THE ST CLOUD MN CLIMATE NORMALS FOR TODAY
                         NORMAL    RECORD    YEAR
 MAXIMUM TEMPERATURE (F)   46        76      1910
 MINIMUM TEMPERATURE (F)   25        -8      1969


SUNRISE AND SUNSET
MARCH 29 2015.........SUNRISE   703 AM CDT   SUNSET   740 PM CDT
MARCH 30 2015.........SUNRISE   701 AM CDT   SUNSET   742 PM CDT


-  INDICATES NEGATIVE NUMBERS.
R  INDICATES RECORD WAS SET OR TIED.
MM INDICATES DATA IS MISSING.
T  INDICATES TRACE AMOUNT.




$$
