000
CDUS43 KMPX 160050
CLISTC


CLIMATE REPORT
NATIONAL WEATHER SERVICE CHANHASSEN MN
749 PM CDT WED APR 15 2015


...................................

...THE ST CLOUD MN CLIMATE SUMMARY FOR APRIL 15 2015...
VALID TODAY AS OF 0700 PM LOCAL TIME.

CLIMATE NORMAL PERIOD 1981 TO 2010
CLIMATE RECORD PERIOD 1893 TO 2015


WEATHER ITEM   OBSERVED TIME   RECORD YEAR NORMAL DEPARTURE LAST
                VALUE   (LST)  VALUE       VALUE  FROM      YEAR
                                                  NORMAL
..................................................................
TEMPERATURE (F)
 TODAY
  MAXIMUM         69    405 PM  84    2002  56     13       36
  MINIMUM         42    549 AM  16    2014  33      9       16
  AVERAGE         56                        44     12       26

PRECIPITATION (IN)
  TODAY            0.00          1.51 2012   0.08  -0.08     0.00
  MONTH TO DATE    0.97                      1.14  -0.17     0.57
  SINCE MAR 1      1.35                      2.69  -1.34     1.77
  SINCE JAN 1      1.94                      3.93  -1.99     4.28

SNOWFALL (IN)
  TODAY            0.0           3.3  1991   0.1   -0.1      0.0
  MONTH TO DATE    1.0                       2.0   -1.0      3.5
  SINCE MAR 1      4.3                      10.5   -6.2     12.7
  SINCE JUL 1     31.1                      44.7  -13.6     67.0
  SNOW DEPTH       0

DEGREE DAYS
 HEATING
  TODAY            9                        21    -12       39
  MONTH TO DATE  294                       364    -70      389
  SINCE MAR 1   1295                      1468   -173     1696
  SINCE JUL 1   7553                      7914   -361     8905

 COOLING
  TODAY            0                         0      0        0
  MONTH TO DATE    0                         0      0        0
  SINCE MAR 1      0                         0      0        0
  SINCE JAN 1      0                         0      0        0
..................................................................


WIND (MPH)
  HIGHEST WIND SPEED    26   HIGHEST WIND DIRECTION    SE (150)
  HIGHEST GUST SPEED    33   HIGHEST GUST DIRECTION    SE (140)
  AVERAGE WIND SPEED    13.1


SKY COVER
  POSSIBLE SUNSHINE  MM
  AVERAGE SKY COVER 0.0


WEATHER CONDITIONS
 THE FOLLOWING WEATHER WAS RECORDED TODAY.
  NO SIGNIFICANT WEATHER WAS OBSERVED.


RELATIVE HUMIDITY (PERCENT)
 HIGHEST    58           300 AM
 LOWEST     14           500 PM
 AVERAGE    36

..........................................................


THE ST CLOUD MN CLIMATE NORMALS FOR TOMORROW
                         NORMAL    RECORD    YEAR
 MAXIMUM TEMPERATURE (F)   57        86      1913
 MINIMUM TEMPERATURE (F)   33        16      1907


SUNRISE AND SUNSET
APRIL 15 2015.........SUNRISE   631 AM CDT   SUNSET   802 PM CDT
APRIL 16 2015.........SUNRISE   629 AM CDT   SUNSET   804 PM CDT


-  INDICATES NEGATIVE NUMBERS.
R  INDICATES RECORD WAS SET OR TIED.
MM INDICATES DATA IS MISSING.
T  INDICATES TRACE AMOUNT.




$$
