000
CDUS43 KMPX 290641
CLISTC


CLIMATE REPORT
NATIONAL WEATHER SERVICE CHANHASSEN MN
141 AM CDT WED APR 29 2015


...................................

...THE ST CLOUD MN CLIMATE SUMMARY FOR APRIL 28 2015...

CLIMATE NORMAL PERIOD 1981 TO 2010
CLIMATE RECORD PERIOD 1893 TO 2015


WEATHER ITEM   OBSERVED TIME   RECORD YEAR NORMAL DEPARTURE LAST
                VALUE   (LST)  VALUE       VALUE  FROM      YEAR
                                                  NORMAL
..................................................................
TEMPERATURE (F)
 YESTERDAY
  MAXIMUM         64    144 PM  92    2004  63      1       45
  MINIMUM         37    401 AM  18    1950  38     -1       42
  AVERAGE         51                        50      1       44

PRECIPITATION (IN)
  YESTERDAY        T             1.58 2014   0.10  -0.10     1.58
  MONTH TO DATE    1.67                      2.36  -0.69     5.77
  SINCE MAR 1      2.05                      3.91  -1.86     6.97
  SINCE JAN 1      2.64                      5.15  -2.51     9.48

SNOWFALL (IN)
  YESTERDAY        0.0           6.5  1994   0.0    0.0      0.0
  MONTH TO DATE    1.0                       2.9   -1.9     12.0
  SINCE MAR 1      4.3                      11.4   -7.1     21.2
  SINCE JUL 1     31.1                      45.6  -14.5     75.5
  SNOW DEPTH       0

DEGREE DAYS
 HEATING
  YESTERDAY       14                        15     -1       21
  MONTH TO DATE  527                       590    -63      670
  SINCE MAR 1   1528                      1694   -166     1977
  SINCE JUL 1   7786                      8140   -354     9186

 COOLING
  YESTERDAY        0                         0      0        0
  MONTH TO DATE    0                         0      0        0
  SINCE MAR 1      0                         0      0        0
  SINCE JAN 1      0                         0      0        0
..................................................................


WIND (MPH)
  HIGHEST WIND SPEED    16   HIGHEST WIND DIRECTION     N (360)
  HIGHEST GUST SPEED    20   HIGHEST GUST DIRECTION     N (360)
  AVERAGE WIND SPEED     6.5


SKY COVER
  POSSIBLE SUNSHINE  MM
  AVERAGE SKY COVER 0.5


WEATHER CONDITIONS
 THE FOLLOWING WEATHER WAS RECORDED YESTERDAY.
  LIGHT RAIN


RELATIVE HUMIDITY (PERCENT)
 HIGHEST    76           100 AM
 LOWEST     27           700 PM
 AVERAGE    52

..........................................................


THE ST CLOUD MN CLIMATE NORMALS FOR TODAY
                         NORMAL    RECORD    YEAR
 MAXIMUM TEMPERATURE (F)   63        86      1952
 MINIMUM TEMPERATURE (F)   39        18      1958


SUNRISE AND SUNSET
APRIL 29 2015.........SUNRISE   608 AM CDT   SUNSET   820 PM CDT
APRIL 30 2015.........SUNRISE   606 AM CDT   SUNSET   822 PM CDT


-  INDICATES NEGATIVE NUMBERS.
R  INDICATES RECORD WAS SET OR TIED.
MM INDICATES DATA IS MISSING.
T  INDICATES TRACE AMOUNT.




$$
