000
CDUS43 KMPX 240628
CLISTC


CLIMATE REPORT
NATIONAL WEATHER SERVICE CHANHASSEN MN
127 AM CDT FRI APR 24 2015


...................................

...THE ST CLOUD MN CLIMATE SUMMARY FOR APRIL 23 2015...

CLIMATE NORMAL PERIOD 1981 TO 2010
CLIMATE RECORD PERIOD 1893 TO 2015


WEATHER ITEM   OBSERVED TIME   RECORD YEAR NORMAL DEPARTURE LAST
                VALUE   (LST)  VALUE       VALUE  FROM      YEAR
                                                  NORMAL
..................................................................
TEMPERATURE (F)
 YESTERDAY
  MAXIMUM         54    506 PM  88    1913  61     -7       47
  MINIMUM         24    546 AM  17    1909  36    -12       40
  AVERAGE         39                        48     -9       44

PRECIPITATION (IN)
  YESTERDAY        0.00          1.19 1915   0.09  -0.09     0.38
  MONTH TO DATE    1.19                      1.85  -0.66     1.94
  SINCE MAR 1      1.57                      3.40  -1.83     3.14
  SINCE JAN 1      2.16                      4.64  -2.48     5.65

SNOWFALL (IN)
  YESTERDAY        0.0           2.8  1936   0.1   -0.1      0.0
  MONTH TO DATE    1.0                       2.7   -1.7     12.0
  SINCE MAR 1      4.3                      11.2   -6.9     21.2
  SINCE JUL 1     31.1                      45.4  -14.3     75.5
  SNOW DEPTH       0

DEGREE DAYS
 HEATING
  YESTERDAY       26                        17      9       21
  MONTH TO DATE  441                       512    -71      563
  SINCE MAR 1   1442                      1616   -174     1870
  SINCE JUL 1   7700                      8062   -362     9079

 COOLING
  YESTERDAY        0                         0      0        0
  MONTH TO DATE    0                         0      0        0
  SINCE MAR 1      0                         0      0        0
  SINCE JAN 1      0                         0      0        0
..................................................................


WIND (MPH)
  HIGHEST WIND SPEED    16   HIGHEST WIND DIRECTION    NW (310)
  HIGHEST GUST SPEED    20   HIGHEST GUST DIRECTION    NW (310)
  AVERAGE WIND SPEED     5.5


SKY COVER
  POSSIBLE SUNSHINE  MM
  AVERAGE SKY COVER 0.0


WEATHER CONDITIONS
 THE FOLLOWING WEATHER WAS RECORDED YESTERDAY.
  NO SIGNIFICANT WEATHER WAS OBSERVED.


RELATIVE HUMIDITY (PERCENT)
 HIGHEST    60           200 AM
 LOWEST     13           300 PM
 AVERAGE    37

..........................................................


THE ST CLOUD MN CLIMATE NORMALS FOR TODAY
                         NORMAL    RECORD    YEAR
 MAXIMUM TEMPERATURE (F)   61        87      1962
 MINIMUM TEMPERATURE (F)   36        18      1956


SUNRISE AND SUNSET
APRIL 24 2015.........SUNRISE   616 AM CDT   SUNSET   814 PM CDT
APRIL 25 2015.........SUNRISE   614 AM CDT   SUNSET   815 PM CDT


-  INDICATES NEGATIVE NUMBERS.
R  INDICATES RECORD WAS SET OR TIED.
MM INDICATES DATA IS MISSING.
T  INDICATES TRACE AMOUNT.




$$
