000
CDUS43 KMPX 050628
CLISTC


CLIMATE REPORT
NATIONAL WEATHER SERVICE CHANHASSEN MN
128 AM CDT TUE MAY 5 2015


...................................

...THE ST CLOUD MN CLIMATE SUMMARY FOR MAY 4 2015...

CLIMATE NORMAL PERIOD 1981 TO 2010
CLIMATE RECORD PERIOD 1893 TO 2015


WEATHER ITEM   OBSERVED TIME   RECORD YEAR NORMAL DEPARTURE LAST
                VALUE   (LST)  VALUE       VALUE  FROM      YEAR
                                                  NORMAL
..................................................................
TEMPERATURE (F)
 YESTERDAY
  MAXIMUM         69    420 PM  92    1952  65      4       59
  MINIMUM         37    506 AM  19    1967  40     -3       33
  AVERAGE         53                        53      0       46

PRECIPITATION (IN)
  YESTERDAY        0.00          0.99 1912   0.10  -0.10     0.00
  MONTH TO DATE    0.06                      0.39  -0.33     0.13
  SINCE MAR 1      2.11                      4.51  -2.40     7.23
  SINCE JAN 1      2.70                      5.75  -3.05     9.74

SNOWFALL (IN)
  YESTERDAY        0.0           0.3  1979   0.0    0.0      0.0
  MONTH TO DATE    0.0                       0.0    0.0      0.0
  SINCE MAR 1      4.3                      11.5   -7.2     21.2
  SINCE JUL 1     31.1                      45.7  -14.6     75.5
  SNOW DEPTH       0

DEGREE DAYS
 HEATING
  YESTERDAY       12                        13     -1       19
  MONTH TO DATE   28                        53    -25       69
  SINCE MAR 1   1580                      1774   -194     2092
  SINCE JUL 1   7838                      8220   -382     9301

 COOLING
  YESTERDAY        0                         0      0        0
  MONTH TO DATE    0                         0      0        0
  SINCE MAR 1      0                         2     -2        0
  SINCE JAN 1      0                         2     -2        0
..................................................................


WIND (MPH)
  HIGHEST WIND SPEED    15   HIGHEST WIND DIRECTION     N (360)
  HIGHEST GUST SPEED    21   HIGHEST GUST DIRECTION     N (360)
  AVERAGE WIND SPEED     5.8


SKY COVER
  POSSIBLE SUNSHINE  MM
  AVERAGE SKY COVER 0.0


WEATHER CONDITIONS
 THE FOLLOWING WEATHER WAS RECORDED YESTERDAY.
  NO SIGNIFICANT WEATHER WAS OBSERVED.


RELATIVE HUMIDITY (PERCENT)
 HIGHEST    73           600 AM
 LOWEST     22           200 PM
 AVERAGE    48

..........................................................


THE ST CLOUD MN CLIMATE NORMALS FOR TODAY
                         NORMAL    RECORD    YEAR
 MAXIMUM TEMPERATURE (F)   66        91      2000
 MINIMUM TEMPERATURE (F)   41        25      1967
                                             1944


SUNRISE AND SUNSET
MAY  5 2015...........SUNRISE   559 AM CDT   SUNSET   828 PM CDT
MAY  6 2015...........SUNRISE   557 AM CDT   SUNSET   829 PM CDT


-  INDICATES NEGATIVE NUMBERS.
R  INDICATES RECORD WAS SET OR TIED.
MM INDICATES DATA IS MISSING.
T  INDICATES TRACE AMOUNT.




$$
