000
CXUS53 KMPX 010712
CLMSTC


CLIMATE REPORT
NATIONAL WEATHER SERVICE CHANHASSEN MN
211 AM CDT FRI MAY 1 2015

...................................

...THE ST CLOUD MN CLIMATE SUMMARY FOR THE MONTH OF APRIL 2015...

CLIMATE NORMAL PERIOD 1981 TO 2010
CLIMATE RECORD PERIOD 1893 TO 2015

WEATHER         OBSERVED          NORMAL  DEPART  LAST YEAR`S
                 VALUE   DATE(S)  VALUE   FROM    VALUE  DATE(S)
                                          NORMAL
................................................................
TEMPERATURE (F)
RECORD
 HIGH              96   04/21/1980
 LOW               -3   04/04/1975
HIGHEST            77   04/12        67      10       75  04/20
LOWEST             23   04/03        25      -2       16  04/15
AVG. MAXIMUM     58.1              56.3     1.8     50.2
AVG. MINIMUM     34.6              32.7     1.9     31.5
MEAN             46.3              44.5     1.8     40.8
DAYS MAX >= 90      0               0.0     0.0        0
DAYS MAX <= 32      0               0.6    -0.6        1
DAYS MIN <= 32     15              14.2     0.8       15
DAYS MIN <= 0       0               0.0     0.0        0

PRECIPITATION (INCHES)
RECORD
 MAXIMUM         8.42   2001
 MINIMUM         0.05   1987
TOTALS           1.67              2.57   -0.90     5.90
DAILY AVG.       0.06              0.09   -0.03     0.20
DAYS >= .01        10               9.1     0.9       14
DAYS >= .10         3               5.2    -2.2       10
DAYS >= .50         1               1.7    -0.7        3
DAYS >= 1.00        0               0.4    -0.4        2
GREATEST
 24 HR. TOTAL    0.66   04/12 TO 04/12

SNOWFALL (INCHES)
RECORDS
 TOTAL           24.4   2013
TOTALS            1.0               3.0    -2.0     12.0
SINCE 7/1        31.1              45.7   -14.6     75.5
SNOWDEPTH AVG.      0                MM      MM        1
DAYS >= 1.0         1               1.0     0.0        3
GREATEST
 SNOW DEPTH         0   MM                             8  04/17
 24 HR TOTAL      1.0   04/10 TO 04/10

DEGREE_DAYS
HEATING TOTAL     551               617     -66      716
 SINCE 7/1       7810              8167    -357     9232
COOLING TOTAL       0                 2      -2        0
 SINCE 1/1          0                 2      -2        0
.................................................................

WIND (MPH)
AVERAGE WIND SPEED              10.2
HIGHEST WIND SPEED/DIRECTION    38/270    DATE  04/02
HIGHEST GUST SPEED/DIRECTION    49/270    DATE  04/02

SKY COVER
POSSIBLE SUNSHINE (PERCENT)   MM
AVERAGE SKY COVER           0.40
NUMBER OF DAYS FAIR           16
NUMBER OF DAYS PC              5
NUMBER OF DAYS CLOUDY          9

AVERAGE RH (PERCENT)     56

WEATHER CONDITIONS. NUMBER OF DAYS WITH
THUNDERSTORM              0     MIXED PRECIP               0
HEAVY RAIN                1     RAIN                       3
LIGHT RAIN               11     FREEZING RAIN              0
LT FREEZING RAIN          0     HAIL                       0
HEAVY SNOW                0     SNOW                       2
LIGHT SNOW                3     SLEET                      0
FOG                       6     FOG W/VIS <= 1/4 MILE      0
HAZE                      6

-  INDICATES NEGATIVE NUMBERS.
R  INDICATES RECORD WAS SET OR TIED.
MM INDICATES DATA IS MISSING.
T  INDICATES TRACE AMOUNT.

$$
