000
CXUS55 KCYS 261000
CF6AIA
PRELIMINARY LOCAL CLIMATOLOGICAL DATA (WS FORM: F-6)

                                          STATION:   ALLIANCE NEBRASKA AIRPORT
                                          MONTH:     APRIL
                                          YEAR:      2015
                                          LATITUDE:   42  2 N
                                          LONGITUDE: 102 48 W

  TEMPERATURE IN F:       :PCPN:    SNOW:  WIND      :SUNSHINE: SKY     :PK WND
================================================================================
1   2   3   4   5  6A  6B    7    8   9   10  11  12  13   14  15   16   17  18
                                     12Z  AVG MX 2MIN
DY MAX MIN AVG DEP HDD CDD  WTR  SNW DPTH SPD SPD DIR MIN PSBL S-S WX    SPD DR
================================================================================

 1  70  26  48   7  17   0 0.00    M    M 12.9 31 340   M    M   1        37 340
 2  48  23  36  -6  29   0    T    M    M  9.0 28  50   M    M   6        34  20
 3  53  10  32 -10  33   0 0.00    M    M  9.3 26 280   M    M   2        32 280
 4  66  16  41  -1  24   0 0.00    M    M  9.4 21 250   M    M   0        28 250
 5  75  18  47   5  18   0 0.00    M    M  7.4 22 220   M    M   0        30 180
 6  60  29  45   3  20   0 0.00    M    M 13.1 22  20   M    M   2 18     26  20
 7  50  36  43   0  22   0 0.01    M    M  6.7 18  70   M    M  10 1      22  80
 8  54  38  46   3  19   0 0.15    M    M 14.0 22  70   M    M  10 1      26  70
 9  50  25  38  -5  27   0 0.05    M    M 14.4 25 350   0    0   0 1      36 340
10  65  19  42  -1  23   0 0.00    M    M  7.6 17 220   M    M   0        24 220
11  76  29  53   9  12   0 0.00    M    M 10.3 26 220   M    M   0        36 230
12  64  23  44   0  21   0 0.00    M    M 11.3 28 350   M    M   0        35 350
13  69  19  44   0  21   0 0.00    M    M  9.0 20 230   M    M   0        26 230
14  74  36  55  11  10   0 0.00    M    M 23.7 38 160   M    M   0        45 160
15  63  39  51   6  14   0 0.36    M    M 20.0 38 250   M    M   6 38     49 260
16  55  39  47   2  18   0 0.02    M    M 14.9 24  40   M    M   9 1      29  20
17  49  44  47   2  18   0 1.21    M    M 14.3 22  50   M    M   9 13     27  30
18  61  44  53   8  12   0 0.29    M    M  8.7 31 360   M    M   7 1      38 350
19  52  25  39  -7  26   0 0.00    M    M 19.7 36 340   M    M   5        45 340
20  55  23  39  -7  26   0 0.00    M    M 12.8 28 300   M    M   3        36 310
21  66  20  43  -3  22   0 0.00  0.0    0 11.9 30 340   M    M   2        41 310
22  68  28  48   2  17   0 0.00    M    M 10.8 20 200   M    M   1        28 170
23  73  35  54   7  11   0 0.00    M    M 12.6 30 160   M    M   0        36 160
24  70  38  54   7  11   0 0.10    M    M 10.0 30 340   M    M   2 3      37 340
25  69  35  52   4  13   0 0.10    M    M  8.7 23 130   M    M   3 13     29 130
================================================================================
SM 1555  717       484   0  2.29     0.0 302.5            0     78
================================================================================
AV 62.2 28.7                              12.1 FASTST    0   0   3    MAX(MPH)
                                 MISC ---->  # 38 160               # 49  260
================================================================================
NOTES:
# LAST OF SEVERAL OCCURRENCES

COLUMN 17 PEAK WIND IN M.P.H.

PRELIMINARY LOCAL CLIMATOLOGICAL DATA (WS FORM: F-6) , PAGE 2

                                          STATION:  ALLIANCE NEBRASKA AIRPORT
                                          MONTH:    APRIL
                                          YEAR:     2015
                                          LATITUDE:   42  2 N
                                          LONGITUDE: 102 48 W

[TEMPERATURE DATA]      [PRECIPITATION DATA]       SYMBOLS USED IN COLUMN 16

AVERAGE MONTHLY: 45.4   TOTAL FOR MONTH:   2.29    1 = FOG OR MIST
DPTR FM NORMAL:   1.2   DPTR FM NORMAL:    1.10    2 = FOG REDUCING VISIBILITY
HIGHEST:    76 ON 11    GRTST 24HR  1.39 ON 17-18      TO 1/4 MILE OR LESS
LOWEST:     10 ON  3                               3 = THUNDER
                        SNOW, ICE PELLETS, HAIL    4 = ICE PELLETS
                        TOTAL MONTH:   0.0 INCH    5 = HAIL
                        GRTST 24HR     0.0         6 = FREEZING RAIN OR DRIZZLE
                        GRTST DEPTH:   0           7 = DUSTSTORM OR SANDSTORM:
                                                       VSBY 1/2 MILE OR LESS
                                                   8 = SMOKE OR HAZE
[NO. OF DAYS WITH]      [WEATHER - DAYS WITH]      9 = BLOWING SNOW
                                                   X = TORNADO
MAX 32 OR BELOW:   0    0.01 INCH OR MORE:   9
MAX 90 OR ABOVE:   0    0.10 INCH OR MORE:   6
MIN 32 OR BELOW:  15    0.50 INCH OR MORE:   1
MIN  0 OR BELOW:   0    1.00 INCH OR MORE:   1

[HDD (BASE 65) ]
TOTAL THIS MO.   484    CLEAR  (SCALE 0-3)  16
DPTR FM NORMAL   -36    PTCLDY (SCALE 4-7)   5
TOTAL FM JUL 1  6431    CLOUDY (SCALE 8-10)  4
DPTR FM NORMAL  -375

[CDD (BASE 65) ]
TOTAL THIS MO.     0
DPTR FM NORMAL     0    [PRESSURE DATA]
TOTAL FM JAN 1     0    HIGHEST SLP  0.00 ON M
DPTR FM NORMAL     0    LOWEST  SLP 29.47 ON  8

[REMARKS]
