000
CXUS54 KMAF 011100
CF6BPG
PRELIMINARY LOCAL CLIMATOLOGICAL DATA (WS FORM: F-6)

                                          STATION:   Big Spring McMahon-Wrinkle Fi
                                          MONTH:     MARCH
                                          YEAR:      2015
                                          LATITUDE:   32 12 N
                                          LONGITUDE: 101 31 W

  TEMPERATURE IN F:       :PCPN:    SNOW:  WIND      :SUNSHINE: SKY     :PK WND
================================================================================
1   2   3   4   5  6A  6B    7    8   9   10  11  12  13   14  15   16   17  18
                                     12Z  AVG MX 2MIN
DY MAX MIN AVG DEP HDD CDD  WTR  SNW DPTH SPD SPD DIR MIN PSBL S-S WX    SPD DR
================================================================================

 1  36  29  33   M  32   0 0.00  0.0    0  7.7 13  50   M    M  10        18  50
 2  38  33  36   M  29   0 0.00  0.0    M  5.1  9  50   M    M  10         M  M
 3  59  53  56   M   9   0 0.00  0.0    0  5.0 12 190   M    M   7         M  M
 4  55  25  40   M  25   0 0.00  0.0    0 11.7 22  10   M    M   9        33  30
 5  48  25  37   M  28   0 0.00  0.0    0  8.0 20  10   M    M   4        28  20
 6  61  23  42   M  23   0 0.00  0.0    0  7.2 14 180   M    M   0        18 180
 7  65  38  52   M  13   0 0.00  0.0    0  7.9 14 170   M    M   4        22 160
 8  69  45  57   M   8   0 0.00  0.0    0  6.7 12 150   M    M   6        18 180
 9  54  51  53   M  12   0 0.45  0.0    0  6.2 12  10   M    M  10        16  20
10  74  41  58   M   7   0 0.00  0.0    0  2.4  8  90   M    M   2         M  M
11  74  41  58   M   7   0 0.00  0.0    0  5.7 12  40   M    M   1        20  40
12  75  38  57   M   8   0 0.00  0.0    0  4.4 10  80   M    M   0         M  M
13  74  43  59   M   6   0 0.00  0.0    0  5.9 15 360   M    M   3        24 360
14  72  47  60   M   5   0 0.00  0.0    0  9.1 20  10   M    M   3        32 360
15  74  38  56   M   9   0 0.00  0.0    0  3.2  8 130   M    M   0         M  M
16  79  43  61   M   4   0 0.00  0.0    0  6.2 12 150   M    M   2        16 150
17  61  54  58   M   7   0 0.08  0.0    0  8.8 16  50   M    M   7        21  40
18  67  46  57   M   8   0 0.00  0.0    0  7.7 13 210   M    M   6        20 210
19  82  54  68   M   0   3 0.00  0.0    0 10.9 21  10   M    M   3        25  10
20  58  46  52   M  13   0 0.23    M    0  9.7 22  30   M    M   8        25  30
21  56  51  54   M  11   0 0.87  0.0    0  3.5 10  30   M    M  10         M  M
22  79  51  65   M   0   0 0.00  0.0    0  5.8 12 110   M    M   3         M  M
23  85  54  70   M   0   5 0.00  0.0    0 11.4 18 210   M    M   0        21 190
24  87  56  72   M   0   7 0.00  0.0    0  8.8 14 280   M    M   0        17 280
25  87  54  71   M   0   6 0.00  0.0    0 13.5 35 360   M    M   0        41 360
26  67  43  55   M  10   0 0.00  0.0    0 12.3 31 360   M    M   0        41 360
27  82  41  62   M   3   0 0.00  0.0    0  8.8 17 220   M    M   0        22 220
28  92  54  73   M   0   8 0.00  0.0    0 12.2 16 230   M    M   0        24 210
29  94  54  74   M   0   9 0.00  0.0    0 12.4 25  30   M    M   0        32  30
30  85  54  70   M   0   5 0.00  0.0    0  6.9 14 170   M    M   0         M  M
31  87  59  73   M   0   8 0.03  0.0    0  9.9 17 210   M    M   1 3      23 220
================================================================================
SM 2176 1384       277  51  1.66     0.0 245.0          M      109
================================================================================
AV 70.2 44.6                               7.9 FASTST   M    M   4    MAX(MPH)
                                 MISC ---->  # 35 360                 41    M
================================================================================
NOTES:
# LAST OF SEVERAL OCCURRENCES

COLUMN 17 PEAK WIND IN M.P.H.

PRELIMINARY LOCAL CLIMATOLOGICAL DATA (WS FORM: F-6) , PAGE 2

                                          STATION:  Big Spring McMahon-Wrinkle Fi
                                          MONTH:    MARCH
                                          YEAR:     2015
                                          LATITUDE:   32 12 N
                                          LONGITUDE: 101 31 W

[TEMPERATURE DATA]      [PRECIPITATION DATA]       SYMBOLS USED IN COLUMN 16

AVERAGE MONTHLY: 57.4   TOTAL FOR MONTH:   1.66    1 = FOG OR MIST
DPTR FM NORMAL:     M   DPTR FM NORMAL:       M    2 = FOG REDUCING VISIBILITY
HIGHEST:    94 ON 29    GRTST 24HR  0.87 ON 21-21      TO 1/4 MILE OR LESS
LOWEST:     23 ON  6                               3 = THUNDER
                        SNOW, ICE PELLETS, HAIL    4 = ICE PELLETS
                        TOTAL MONTH:   0.0 INCH    5 = HAIL
                        GRTST 24HR     0.0         6 = FREEZING RAIN OR DRIZZLE
                        GRTST DEPTH:   0           7 = DUSTSTORM OR SANDSTORM:
                                                       VSBY 1/2 MILE OR LESS
                                                   8 = SMOKE OR HAZE
[NO. OF DAYS WITH]      [WEATHER - DAYS WITH]      9 = BLOWING SNOW
                                                   X = TORNADO
MAX 32 OR BELOW:   0    0.01 INCH OR MORE:   5
MAX 90 OR ABOVE:   2    0.10 INCH OR MORE:   3
MIN 32 OR BELOW:   4    0.50 INCH OR MORE:   1
MIN  0 OR BELOW:   0    1.00 INCH OR MORE:   0

[HDD (BASE 65) ]
TOTAL THIS MO.   277    CLEAR  (SCALE 0-3)  19
DPTR FM NORMAL     M    PTCLDY (SCALE 4-7)   7
TOTAL FM JUL 1  2226    CLOUDY (SCALE 8-10)  5
DPTR FM NORMAL     M

[CDD (BASE 65) ]
TOTAL THIS MO.    51
DPTR FM NORMAL     M    [PRESSURE DATA]
TOTAL FM JAN 1    53    HIGHEST SLP M ON M
DPTR FM NORMAL     M    LOWEST  SLP M ON M

[REMARKS]
#FINAL-03-15#
