000
CXUS53 KLMK 250800
CF6BWG
PRELIMINARY LOCAL CLIMATOLOGICAL DATA (WS FORM: F-6)

                                          STATION:   BOWLING GREEN KY
                                          MONTH:     APRIL
                                          YEAR:      2015
                                          LATITUDE:   36 58 N
                                          LONGITUDE:  86 26 W

  TEMPERATURE IN F:       :PCPN:    SNOW:  WIND      :SUNSHINE: SKY     :PK WND
================================================================================
1   2   3   4   5  6A  6B    7    8   9   10  11  12  13   14  15   16   17  18
                                     12Z  AVG MX 2MIN
DY MAX MIN AVG DEP HDD CDD  WTR  SNW DPTH SPD SPD DIR MIN PSBL S-S WX    SPD DR
================================================================================

 1  72  37  55   2  10   0 0.00  0.0    0  4.4 14  80   M    M   0        21  80
 2  80  58  69  15   0   4 0.85  0.0    0 12.6 33 270   M    M   4 13     49 250
 3  70  49  60   6   5   0 1.78  0.0    0  9.1 21 320   M    M   8 13     31 310
 4  60  37  49  -5  16   0 0.00  0.0    0  4.8 14  40   M    M   1        20 310
 5  67  31  49  -5  16   0 0.00  0.0    0  4.5 15 190   M    M   1        20 180
 6  68  51  60   5   5   0 0.17  0.0    0  9.4 23 180   M    M  10 1      31 180
 7  80  58  69  14   0   4 0.05  0.0    0  7.7 20 160   M    M   8 13     25 320
 8  84  60  72  17   0   7 0.00  0.0    0  9.7 20 220   M    M   5 13     24 200
 9  83  69  76  20   0  11    T  0.0    0 14.0 25 190   M    M   3        35 190
10  75  49  62   6   3   0 0.66  0.0    0  7.9 24 240   M    M   3 13     33 250
11  70  41  56   0   9   0 0.00  0.0    0  3.4 13  50   M    M   0        16  60
12  80  45  63   6   2   0 0.00  0.0    0  4.1 12 170   M    M   0        16 150
13  77  56  67  10   0   2 0.64  0.0    0  5.7 17 200   M    M   7 18     22 180
14  66  56  61   4   4   0 1.60  0.0    0 10.4 20  70   M    M  10 18     28  40
15  65  56  61   3   4   0 0.07  0.0    0  7.7 18  60   M    M  10        27  60
16  71  59  65   7   0   0 1.34  0.0    0  7.5 16 150   M    M   8 13     20 150
17  75  55  65   7   0   0 0.00  0.0    0  2.0  8 140   M    M   5 1      11 120
18  81  53  67   9   0   2 0.00  0.0    0  2.4 12  80   M    M   3 12     15  70
19  74  57  66   7   0   1 1.09  0.0    0  8.5 25 190   M    M   8 138    29 190
20  64  52  58  -1   7   0 0.48  0.0    0  8.5 28 250   M    M   8 138    38 250
21  68  46  57  -2   8   0 0.07  0.0    0 10.4 23 250   M    M   6        31 250
22  65  43  54  -6  11   0 0.00  0.0    0  8.0 20 280   M    M   2        24 280
23  64  38  51  -9  14   0 0.00  0.0    0  4.1 16 280   M    M   1        25 280
24  65  35  50 -10  15   0 0.00  0.0    0  3.9 12 180   M    M   3        17  70
================================================================================
SM 1724 1191       129  31  8.80     0.0 170.7          M      114
================================================================================
AV 71.8 49.6                               7.1 FASTST   M    M   5    MAX(MPH)
                                 MISC ---->  # 33 270               # 49  250
================================================================================
NOTES:
# LAST OF SEVERAL OCCURRENCES

COLUMN 17 PEAK WIND IN M.P.H.

PRELIMINARY LOCAL CLIMATOLOGICAL DATA (WS FORM: F-6) , PAGE 2

                                          STATION:  BOWLING GREEN KY
                                          MONTH:    APRIL
                                          YEAR:     2015
                                          LATITUDE:   36 58 N
                                          LONGITUDE:  86 26 W

[TEMPERATURE DATA]      [PRECIPITATION DATA]       SYMBOLS USED IN COLUMN 16

AVERAGE MONTHLY: 60.7   TOTAL FOR MONTH:   8.80    1 = FOG OR MIST
DPTR FM NORMAL:   4.0   DPTR FM NORMAL:    5.42    2 = FOG REDUCING VISIBILITY
HIGHEST:    84 ON  8    GRTST 24HR  2.24 ON 13-14      TO 1/4 MILE OR LESS
LOWEST:     31 ON  5                               3 = THUNDER
                        SNOW, ICE PELLETS, HAIL    4 = ICE PELLETS
                        TOTAL MONTH:   0.0 INCH    5 = HAIL
                        GRTST 24HR     0.0         6 = FREEZING RAIN OR DRIZZLE
                        GRTST DEPTH:   0           7 = DUSTSTORM OR SANDSTORM:
                                                       VSBY 1/2 MILE OR LESS
                                                   8 = SMOKE OR HAZE
[NO. OF DAYS WITH]      [WEATHER - DAYS WITH]      9 = BLOWING SNOW
                                                   X = TORNADO
MAX 32 OR BELOW:   0    0.01 INCH OR MORE:  12
MAX 90 OR ABOVE:   0    0.10 INCH OR MORE:   9
MIN 32 OR BELOW:   1    0.50 INCH OR MORE:   7
MIN  0 OR BELOW:   0    1.00 INCH OR MORE:   4

[HDD (BASE 65) ]
TOTAL THIS MO.   129    CLEAR  (SCALE 0-3)  10
DPTR FM NORMAL   -90    PTCLDY (SCALE 4-7)  10
TOTAL FM JUL 1  4204    CLOUDY (SCALE 8-10)  4
DPTR FM NORMAL   267

[CDD (BASE 65) ]
TOTAL THIS MO.    31
DPTR FM NORMAL     8    [PRESSURE DATA]
TOTAL FM JAN 1    31    HIGHEST SLP M ON M
DPTR FM NORMAL     3    LOWEST  SLP 29.47 ON 19

[REMARKS]
