000
CXUS55 KCYS 011639 CCA
CF6CDR

PRELIMINARY LOCAL CLIMATOLOGICAL DATA (WS FORM: F-6)     ...CORRECTED...

                                          STATION:   CHADRON NEBRASKA AIRPORT
                                          MONTH:     MARCH
                                          YEAR:      2015
                                          LATITUDE:   42 50 N
                                          LONGITUDE: 103  6 W

  TEMPERATURE IN F:       :PCPN:    SNOW:  WIND      :SUNSHINE: SKY     :PK WND
================================================================================
1   2   3   4   5  6A  6B    7    8   9   10  11  12  13   14  15   16   17  18
                                     12Z  AVG MX 2MIN
DY MAX MIN AVG DEP HDD CDD  WTR  SNW DPTH SPD SPD DIR MIN PSBL S-S WX    SPD DR
================================================================================

 1  35  18  27  -4  38   0 0.00    M    M  8.5 22 310   M    M   4 8      30 320
 2  46  21  34   2  31   0 0.02    M    M 12.6 32 200   M    M   6 18     42 190
 3  31   0  16 -16  49   0 0.25    M    M 12.3 30  20   M    M   9 128    40  10
 4  20  -9   6 -26  59   0 0.00    M    M 10.0 23 280   M    M   2        30 300
 5  42  -9  17 -15  48   0 0.00    M    M  9.5 23 280   M    M   0        29 280
 6  54  29  42   9  23   0 0.00    M    M 11.6 24 270   M    M   4        30 270
 7  62  26  44  11  21   0 0.00    M    M  7.5 20 260   M    M   1        24 250
 8  57  21  39   5  26   0 0.00    M    M  4.7 17 190   M    M   0        22 190
 9  63  27  45  11  20   0 0.00    M    M  7.6 20 200   M    M   0        26 200
10  66  24  45  11  20   0 0.00    M    M  4.2 14 280   M    M   0        16 280
11  75  25  50  16  15   0 0.00    M    M  9.3 22 260   M    M   0        28 250
12  68  38  53  18  12   0 0.00    M    M  9.5 24 280   M    M   1        29 270
13  66  28  47  12  18   0 0.00    M    M  6.2 20 360   M    M   1        30  20
14  76  22  49  14  16   0 0.00    M    M 11.2 24 240   M    M   0        29 210
15  83  46  65  29   0   0 0.00    M    M  8.9 16 270   M    M   1        19 260
16  72  34  53  17  12   0 0.00    M    M 15.5 35  30   M    M   2 8      45  30
17  42  32  37   1  28   0 0.00    M    M 11.5 21 200   M    M   6 8      28 180
18  62  34  48  12  17   0 0.00    M    M  8.1 21 190   M    M   2        27 190
19  61  28  45   8  20   0 0.00    M    M 11.5 28 320   M    M   3        40 290
20  70  25  48  11  17   0 0.00    M    M  9.0 23 300   M    M   0 8      29 320
21  78  24  51  14  14   0 0.00    M    M  5.4 18 250   M    M   0 8      24 230
22  58  28  43   5  22   0 0.00    M    M  5.4 14  40   M    M   0        19  70
23  61  29  45   7  20   0    T    M    M 15.2 39 170   M    M   4 8      50 180
24  62  35  49  11  16   0 0.00    M    M 12.4 28 260   M    M   3        34 260
25  52  21  37  -1  28   0 0.00    M    M  6.7 17  40   M    M   6 8      21  30
26  55  20  38  -1  27   0 0.01    M    M  8.9 26 310   M    M   8        35 320
27  71  37  54  15  11   0    T    M    M 10.6 29 320   M    M   5        39 310
28  83  30  57  18   8   0 0.00    M    M 11.0 32 290   M    M   0        41 300
29  65  35  50  10  15   0 0.00    M    M 13.3 29 310   M    M   1 8      39 300
30  71  28  50  10  15   0 0.00    M    M  9.9 23 280   M    M   0        28 310
31  80  27  54  14  11   0 0.00    M    M  7.8 25 180   M    M   0 8      32 180
================================================================================
SM 1887  774       677   0  0.28    M    295.8          M       69
================================================================================
AV 60.9 25.0                               9.5 FASTST   M    M   2    MAX(MPH)
                                 MISC ---->    39 170                 50  180
================================================================================
NOTES:
# LAST OF SEVERAL OCCURRENCES

COLUMN 17 PEAK WIND IN M.P.H.

PRELIMINARY LOCAL CLIMATOLOGICAL DATA (WS FORM: F-6) , PAGE 2

                                          STATION:  CHADRON NEBRASKA AIRPORT
                                          MONTH:    MARCH
                                          YEAR:     2015
                                          LATITUDE:   42 50 N
                                          LONGITUDE: 103  6 W

[TEMPERATURE DATA]      [PRECIPITATION DATA]       SYMBOLS USED IN COLUMN 16

AVERAGE MONTHLY: 42.9   TOTAL FOR MONTH:   0.28    1 = FOG OR MIST
DPTR FM NORMAL:   7.1   DPTR FM NORMAL:   -0.95    2 = FOG REDUCING VISIBILITY
HIGHEST:    83 ON 28,15 GRTST 24HR  0.25 ON  3- 3      TO 1/4 MILE OR LESS
LOWEST:     -9 ON  5, 4                            3 = THUNDER
                        SNOW, ICE PELLETS, HAIL    4 = ICE PELLETS
                        TOTAL MONTH:    M          5 = HAIL
                        GRTST 24HR    M  ON   M    6 = FREEZING RAIN OR DRIZZLE
                        GRTST DEPTH:  M  ON   M    7 = DUSTSTORM OR SANDSTORM:
                                                       VSBY 1/2 MILE OR LESS
                                                   8 = SMOKE OR HAZE
[NO. OF DAYS WITH]      [WEATHER - DAYS WITH]      9 = BLOWING SNOW
                                                   X = TORNADO
MAX 32 OR BELOW:   2    0.01 INCH OR MORE:   3
MAX 90 OR ABOVE:   0    0.10 INCH OR MORE:   1
MIN 32 OR BELOW:  24    0.50 INCH OR MORE:   0
MIN  0 OR BELOW:   3    1.00 INCH OR MORE:   0

[HDD (BASE 65) ]
TOTAL THIS MO.   677    CLEAR  (SCALE 0-3)  22
DPTR FM NORMAL  -228    PTCLDY (SCALE 4-7)   7
TOTAL FM JUL 1  5622    CLOUDY (SCALE 8-10)  2
DPTR FM NORMAL  -535

[CDD (BASE 65) ]
TOTAL THIS MO.     0
DPTR FM NORMAL     0    [PRESSURE DATA]
TOTAL FM JAN 1     0    HIGHEST SLP 30.60 ON 17
DPTR FM NORMAL     0    LOWEST  SLP 29.52 ON 31

[REMARKS]
...MARCH 2015 WAS THE 6TH WARMEST MARCH ON RECORD...

NEW RECORD HIGH TEMPERATURE OF 83 DEGREES SET ON THE 15TH.  THE OLD RECORD WAS
 75 DEGREES SET IN 2013.
NEW RECORD HIGH TEMPERATURE OF 83 DEGREES SET ON THE 28TH.  THE OLD RECORD WAS
 82 DEGREES SET IN 1946.

PRECIPITATION AMOUNTS FOR THE 2ND AND 3RD DETERMINED USING ASOS 5-MINUTE
OBSERVATION DATA AND CHADRON 3SW (25-1575) COOPERATIVE OBSERVING SITE.
PRECIPITATION FOR THROUGH MORNING OF 3RD MATCHES UP WELL WITH COOPERATIVE SITE,
BUT AIRPORT RECEIVED SECOND HEAVIER BURST OF SNOW THAT WAS NOT SEEN AT COOPERATIVE
SIGHT.
#FINAL-03-15#
