000
CXUS54 KFWD 280730
CF6DFW
PRELIMINARY LOCAL CLIMATOLOGICAL DATA (WS FORM: F-6)

                                          STATION:   DALLAS FORT WORTH
                                          MONTH:     APRIL
                                          YEAR:      2015
                                          LATITUDE:   32 54 N
                                          LONGITUDE:  97  2 W

  TEMPERATURE IN F:       :PCPN:    SNOW:  WIND      :SUNSHINE: SKY     :PK WND
================================================================================
1   2   3   4   5  6A  6B    7    8   9   10  11  12  13   14  15   16   17  18
                                     12Z  AVG MX 2MIN
DY MAX MIN AVG DEP HDD CDD  WTR  SNW DPTH SPD SPD DIR MIN PSBL S-S WX    SPD DR
================================================================================

 1  79  65  72  10   0   7 0.10  0.0    0 13.3 25 170   M    M   7 138    32 170
 2  83  68  76  14   0  11 0.00  0.0    0 20.0 28 190   M    M   7        38 180
 3  73  57  65   3   0   0 0.00  0.0    0 18.8 26 330   M    M   8 78     32 320
 4  68  47  58  -5   7   0    T  0.0    0  9.1 18  40   M    M   7        24  20
 5  61  51  56  -7   9   0 0.75  0.0    0  8.9 17 130   M    M  10 123    21 130
 6  83  58  71   8   0   6    T  0.0    0 16.6 31 150   M    M   9 12     40 150
 7  80  70  75  12   0  10    T  0.0    0 16.3 25 190   M    M   6        32 190
 8  76  67  72   8   0   7    T  0.0    0 17.2 28 160   M    M   8 8      36 180
 9  83  65  74  10   0   9 0.09  0.0    0 12.1 23 150   M    M   7 13     28 140
10  70  52  61  -3   4   0 0.00  0.0    0  8.7 23  10   M    M   8        29 360
11  75  52  64   0   1   0 0.00  0.0    0  7.5 15 130   M    M   8        18 140
12  78  65  72   7   0   7 0.02  0.0    0  9.7 20 130   M    M   9 13     24 130
13  70  58  64  -1   1   0 1.08  0.0    0 13.9 35  20   M    M   8 13     40  20
14  60  55  58  -7   7   0 0.03  0.0    0  9.3 18  40   M    M  10 1      26  40
15  75  56  66   1   0   1 0.00  0.0    0  6.5 14 140   M    M   4        18 140
16  78  59  69   3   0   4    T  0.0    0  9.2 18 120   M    M   8        23 120
17  72  59  66   0   0   1 0.53  0.0    0  9.0 22 290   M    M   8 13     27 300
18  81  58  70   4   0   5 0.48  0.0    0  5.8 44 290   M    M   7 13     55 290
19  77  54  66   0   0   1 0.00  0.0    0 15.3 30 330   M    M   4        36 330
20  69  46  58  -9   7   0 0.00  0.0    0  6.9 16 340   M    M   3        20  40
21  73  48  61  -6   4   0 0.05  0.0    0  7.5 17 170   M    M   4 3      23 150
22  77  58  68   1   0   3 0.00  0.0    0  9.0 22  10   M    M   7        25  10
23  74  65  70   2   0   5 0.50  0.0    0  9.8 23 150   M    M  10 13     31 150
24  68  59  64  -4   1   0 1.03  0.0    0  8.6 31 250   M    M   8 13     39 260
25  87  55  71   3   0   6 0.00  0.0    0 11.1 23 250   M    M   2        31 250
26  84  58  71   3   0   6 0.02  0.0    0  8.9 28 110   M    M   5 3      34 110
27  73  54  64  -5   1   0 0.83  0.0    0 13.6 31 100   M    M   8 13     39 110
================================================================================
SM 2027 1559        42  89  5.51     0.0 302.6          M      190
================================================================================
AV 75.1 57.7                              11.2 FASTST   M    M   7    MAX(MPH)
                                 MISC ---->  # 44 290               # 55  290
================================================================================
NOTES:
# LAST OF SEVERAL OCCURRENCES

COLUMN 17 PEAK WIND IN M.P.H.

PRELIMINARY LOCAL CLIMATOLOGICAL DATA (WS FORM: F-6) , PAGE 2

                                          STATION:  DALLAS FORT WORTH
                                          MONTH:    APRIL
                                          YEAR:     2015
                                          LATITUDE:   32 54 N
                                          LONGITUDE:  97  2 W

[TEMPERATURE DATA]      [PRECIPITATION DATA]       SYMBOLS USED IN COLUMN 16

AVERAGE MONTHLY: 66.4   TOTAL FOR MONTH:   5.51    1 = FOG OR MIST
DPTR FM NORMAL:   1.2   DPTR FM NORMAL:    2.83    2 = FOG REDUCING VISIBILITY
HIGHEST:    87 ON 25    GRTST 24HR  1.09 ON 12-13      TO 1/4 MILE OR LESS
LOWEST:     46 ON 20                               3 = THUNDER
                        SNOW, ICE PELLETS, HAIL    4 = ICE PELLETS
                        TOTAL MONTH:   0.0 INCH    5 = HAIL
                        GRTST 24HR     0.0         6 = FREEZING RAIN OR DRIZZLE
                        GRTST DEPTH:   0           7 = DUSTSTORM OR SANDSTORM:
                                                       VSBY 1/2 MILE OR LESS
                                                   8 = SMOKE OR HAZE
[NO. OF DAYS WITH]      [WEATHER - DAYS WITH]      9 = BLOWING SNOW
                                                   X = TORNADO
MAX 32 OR BELOW:   0    0.01 INCH OR MORE:  13
MAX 90 OR ABOVE:   0    0.10 INCH OR MORE:   8
MIN 32 OR BELOW:   0    0.50 INCH OR MORE:   6
MIN  0 OR BELOW:   0    1.00 INCH OR MORE:   2

[HDD (BASE 65) ]
TOTAL THIS MO.    42    CLEAR  (SCALE 0-3)   2
DPTR FM NORMAL   -38    PTCLDY (SCALE 4-7)  17
TOTAL FM JUL 1  2379    CLOUDY (SCALE 8-10)  8
DPTR FM NORMAL   106

[CDD (BASE 65) ]
TOTAL THIS MO.    89
DPTR FM NORMAL     5    [PRESSURE DATA]
TOTAL FM JAN 1   123    HIGHEST SLP M ON M
DPTR FM NORMAL     0    LOWEST  SLP 29.48 ON 26

[REMARKS]
