000
CXUS53 KGID 260732
CF6EAR
PRELIMINARY LOCAL CLIMATOLOGICAL DATA (WS FORM: F-6)

                                          STATION:   KEARNEY
                                          MONTH:     APRIL
                                          YEAR:      2015
                                          LATITUDE:   40 43 N
                                          LONGITUDE:  99  0 W

  TEMPERATURE IN F:       :PCPN:    SNOW:  WIND      :SUNSHINE: SKY     :PK WND
================================================================================
1   2   3   4   5  6A  6B    7    8   9   10  11  12  13   14  15   16   17  18
                                     12Z  AVG MX 2MIN
DY MAX MIN AVG DEP HDD CDD  WTR  SNW DPTH SPD SPD DIR MIN PSBL S-S WX    SPD DR
================================================================================

 1  86  52  69  26   0   4 0.00    M    M 20.6 32 200   M    M   1 3      40 200
 2  61  37  49   5  16   0 0.18    M    M 14.3 31 360   M    M   6        44 360
 3  52  30  41  -3  24   0 0.02    M    M 12.5 22 340   M    M   3        28 340
 4  66  28  47   3  18   0 0.00    M    M 16.3 30 200   M    M   0        39 210
 5  72  37  55  10  10   0 0.00    M    M 14.9 21 160   M    M   0        27 150
 6  61  48  55  10  10   0 0.00    M    M 12.9 21 180   M    M  10        28 170
 7  52  41  47   1  18   0    T    M    M 14.7 18 360   M    M  10        24  60
 8  45  39  42  -4  23   0 0.02    M    M 12.1 17  20   M    M  10 3       M  M
 9  48  34  41  -5  24   0 0.19    M    M 16.1 24 310   M    M   7        35 340
10  66  37  52   5  13   0 0.00    M    M  8.2 16 290   M    M   0        20 290
11  73  36  55   8  10   0 0.00    M    M 17.5 27 200   M    M   1        36 170
12  75  39  57  10   8   0 0.20    M    M 12.9 27 190   M    M   3 3      32 190
13  66  34  50   2  15   0 0.00    M    M  6.6 10 190   M    M   0         M  M
14  70  37  54   6  11   0 0.00    M    M 14.6 25 150   M    M   0        33 160
15  66  39  53   5  12   0 0.00    M    M 15.2 22 140   M    M   6        31 120
16  63  52  58   9   7   0 0.96    M    M  9.5 14  20   M    M  10 3      17  50
17  64  54  59  10   6   0 0.22    M    M 10.2 20  60   M    M   8 3      24  60
18  70  52  61  11   4   0 0.70    M    M  6.8 16 100   M    M   7 3       M  M
19  54  38  46  -4  19   0 0.30    M    M   M   M   M   M    M  10         M  M
20  57  34  46  -4  19   0 0.00    M    M 14.1 23 310   M    M   2        33 310
21  70  34  52   1  13   0 0.00    M    M 11.2 24 280   M    M   1        36 270
22  57  28  43  -8  22   0 0.00    M    M  6.5 10 150   M    M   0        16 150
23  66  36  51   0  14   0 0.00    M    M 14.8 22 160   M    M   3        29 160
24  66  46  56   4   9   0 0.13    M    M 10.1 23 180   M    M   7 3      27 180
25  55  46  51  -1  14   0 0.01    M    M 12.2 17  80   M    M   9 3      20  90
================================================================================
SM 1581  988       339   4  2.93    M    304.8          M      114
================================================================================
AV 63.2 39.5                              12.7 FASTST   M    M   5    MAX(MPH)
                                 MISC ---->    32   M                 44    M
================================================================================
NOTES:
# LAST OF SEVERAL OCCURRENCES

COLUMN 17 PEAK WIND IN M.P.H.

PRELIMINARY LOCAL CLIMATOLOGICAL DATA (WS FORM: F-6) , PAGE 2

                                          STATION:  KEARNEY
                                          MONTH:    APRIL
                                          YEAR:     2015
                                          LATITUDE:   40 43 N
                                          LONGITUDE:  99  0 W

[TEMPERATURE DATA]      [PRECIPITATION DATA]       SYMBOLS USED IN COLUMN 16

AVERAGE MONTHLY: 51.4   TOTAL FOR MONTH:   2.93    1 = FOG OR MIST
DPTR FM NORMAL:   3.7   DPTR FM NORMAL:    1.17    2 = FOG REDUCING VISIBILITY
HIGHEST:    86 ON  1    GRTST 24HR  0.96 ON 16-16      TO 1/4 MILE OR LESS
LOWEST:     28 ON 22, 4                            3 = THUNDER
                        SNOW, ICE PELLETS, HAIL    4 = ICE PELLETS
                        TOTAL MONTH:    M          5 = HAIL
                        GRTST 24HR    M  ON   M    6 = FREEZING RAIN OR DRIZZLE
                        GRTST DEPTH:  M  ON   M    7 = DUSTSTORM OR SANDSTORM:
                                                       VSBY 1/2 MILE OR LESS
                                                   8 = SMOKE OR HAZE
[NO. OF DAYS WITH]      [WEATHER - DAYS WITH]      9 = BLOWING SNOW
                                                   X = TORNADO
MAX 32 OR BELOW:   0    0.01 INCH OR MORE:  11
MAX 90 OR ABOVE:   0    0.10 INCH OR MORE:   8
MIN 32 OR BELOW:   3    0.50 INCH OR MORE:   2
MIN  0 OR BELOW:   0    1.00 INCH OR MORE:   0

[HDD (BASE 65) ]
TOTAL THIS MO.   339    CLEAR  (SCALE 0-3)  12
DPTR FM NORMAL   -96    PTCLDY (SCALE 4-7)   7
TOTAL FM JUL 1  5665    CLOUDY (SCALE 8-10)  6
DPTR FM NORMAL  -542

[CDD (BASE 65) ]
TOTAL THIS MO.     4
DPTR FM NORMAL     4    [PRESSURE DATA]
TOTAL FM JAN 1     4    HIGHEST SLP M ON M
DPTR FM NORMAL     4    LOWEST  SLP M ON M

[REMARKS]
