000
CXUS53 KIND 260730
CF6EYE
PRELIMINARY LOCAL CLIMATOLOGICAL DATA (WS FORM: F-6)

                                          STATION:   INDIANAPOLIS EAGLE CREEK IN
                                          MONTH:     APRIL
                                          YEAR:      2015
                                          LATITUDE:   39 49 N
                                          LONGITUDE:  86 18 W

  TEMPERATURE IN F:       :PCPN:    SNOW:  WIND      :SUNSHINE: SKY     :PK WND
================================================================================
1   2   3   4   5  6A  6B    7    8   9   10  11  12  13   14  15   16   17  18
                                     12Z  AVG MX 2MIN
DY MAX MIN AVG DEP HDD CDD  WTR  SNW DPTH SPD SPD DIR MIN PSBL S-S WX    SPD DR
================================================================================

 1  68  35  52   4  13   0 0.00    M    M  6.4 13 160   M    M   0        21 160
 2  71  52  62  13   3   0 0.39    M    M  8.0 21 220   M    M   6 13     32 220
 3  60  39  50   1  15   0 0.13    M    M  8.2 23 340   M    M   8 1      29 320
 4  54  30  42  -8  23   0 0.00    M    M  7.5 18 350   M    M   1        23 360
 5  63  37  50   0  15   0 0.00    M    M  7.1 20 200   M    M   0        25 200
 6  61  44  53   3  12   0    T    M    M  6.9 14 190   M    M   9        21 200
 7  66  53  60  10   5   0 0.16    M    M  3.9 10 120   M    M   9 138    14  80
 8  72  52  62  11   3   0 1.49    M    M  6.8 23 340   M    M   6 13     33 280
 9  79  58  69  18   0   4 0.36    M    M 10.1 28 210   M    M   3 13     39 240
10  70  44  57   5   8   0 0.03    M    M 14.5 28 320   M    M   4 3      42 280
11  61  35  48  -4  17   0 0.00    M    M  3.0 10 140   M    M   0        12 160
12  69  41  55   3  10   0 0.00    M    M  4.9 15 110   M    M   0        25 130
13  71  54  63  11   2   0 0.03    M    M  9.1 22 200   M    M   4 1      32 210
14  63  48  56   3   9   0 0.00    M    M  6.9 15  70   M    M   0        21  50
15  68  47  58   5   7   0 0.11    M    M 10.6 22 130   M    M   3        32 120
16  66  52  59   6   6   0 0.21    M    M  5.0 15 120   M    M   8 123    19 120
17  75  46  61   7   4   0 0.00    M    M  2.0  8 340   M    M   3 12     13  90
18  76  49  63   9   2   0 0.00    M    M  4.5 13 130   M    M   0        16 170
19  65  55  60   6   5   0 1.30    M    M  7.1 18 230   M    M   7 1      29 260
20  58  45  52  -3  13   0 0.14    M    M 12.0 28 280   M    M   9 1      39 280
21  60  42  51  -4  14   0 0.00    M    M 12.4 28 270   M    M   1        41 270
22  50  38  44 -11  21   0 0.14    M    M 14.4 28 290   M    M   6        34 290
23  55  36  46 -10  19   0 0.00    M    M  9.4 22 310   M    M   0        27 310
24  61  30  46 -10  19   0 0.00    M    M  4.5 10 140   M    M   4        15 150
25  56  44  50  -6  15   0 0.57    M    M 10.5 18  60   M    M  10 13     26  40
================================================================================
SM 1618 1106       260   4  5.06    M    195.7          M      101
================================================================================
AV 64.7 44.2                               7.8 FASTST   M    M   4    MAX(MPH)
                                 MISC ---->  # 28 210               # 42  280
================================================================================
NOTES:
# LAST OF SEVERAL OCCURRENCES

COLUMN 17 PEAK WIND IN M.P.H.

PRELIMINARY LOCAL CLIMATOLOGICAL DATA (WS FORM: F-6) , PAGE 2

                                          STATION:  INDIANAPOLIS EAGLE CREEK IN
                                          MONTH:    APRIL
                                          YEAR:     2015
                                          LATITUDE:   39 49 N
                                          LONGITUDE:  86 18 W

[TEMPERATURE DATA]      [PRECIPITATION DATA]       SYMBOLS USED IN COLUMN 16

AVERAGE MONTHLY: 54.5   TOTAL FOR MONTH:   5.06    1 = FOG OR MIST
DPTR FM NORMAL:   2.1   DPTR FM NORMAL:    2.04    2 = FOG REDUCING VISIBILITY
HIGHEST:    79 ON  9    GRTST 24HR  1.49 ON  8- 8      TO 1/4 MILE OR LESS
LOWEST:     30 ON 24, 4                            3 = THUNDER
                        SNOW, ICE PELLETS, HAIL    4 = ICE PELLETS
                        TOTAL MONTH:    M          5 = HAIL
                        GRTST 24HR    M  ON   M    6 = FREEZING RAIN OR DRIZZLE
                        GRTST DEPTH:  M  ON   M    7 = DUSTSTORM OR SANDSTORM:
                                                       VSBY 1/2 MILE OR LESS
                                                   8 = SMOKE OR HAZE
[NO. OF DAYS WITH]      [WEATHER - DAYS WITH]      9 = BLOWING SNOW
                                                   X = TORNADO
MAX 32 OR BELOW:   0    0.01 INCH OR MORE:  13
MAX 90 OR ABOVE:   0    0.10 INCH OR MORE:  11
MIN 32 OR BELOW:   2    0.50 INCH OR MORE:   3
MIN  0 OR BELOW:   0    1.00 INCH OR MORE:   2

[HDD (BASE 65) ]
TOTAL THIS MO.   260    CLEAR  (SCALE 0-3)   9
DPTR FM NORMAL   -67    PTCLDY (SCALE 4-7)  10
TOTAL FM JUL 1  5763    CLOUDY (SCALE 8-10)  6
DPTR FM NORMAL   611

[CDD (BASE 65) ]
TOTAL THIS MO.     4
DPTR FM NORMAL   -11    [PRESSURE DATA]
TOTAL FM JAN 1     4    HIGHEST SLP M ON M
DPTR FM NORMAL   -12    LOWEST  SLP 29.33 ON 19

[REMARKS]
