000
CXUS52 KMHX 260700
CF6HSE
PRELIMINARY LOCAL CLIMATOLOGICAL DATA (WS FORM: F-6)

                                          STATION:   CAPE HATTERAS NC
                                          MONTH:     APRIL
                                          YEAR:      2015
                                          LATITUDE:   35 13 N
                                          LONGITUDE:  75 37 W

  TEMPERATURE IN F:       :PCPN:    SNOW:  WIND      :SUNSHINE: SKY     :PK WND
================================================================================
1   2   3   4   5  6A  6B    7    8   9   10  11  12  13   14  15   16   17  18
                                     12Z  AVG MX 2MIN
DY MAX MIN AVG DEP HDD CDD  WTR  SNW DPTH SPD SPD DIR MIN PSBL S-S WX    SPD DR
================================================================================

 1  62  36  49  -7  16   0 0.00  0.0    0 10.7 23 240   M    M   1        34  30
 2  65  34  50  -6  15   0 0.00  0.0    0  8.2 17 210   M    M   0        23 210
 3  70  62  66  10   0   1 0.00  0.0    0 13.9 21 210   M    M   1        28 210
 4  66  50  58   2   7   0 0.47  0.0    0 13.5 24 240   M    M   3        36 240
 5  65  51  58   1   7   0 0.00  0.0    0  7.0 13  20   M    M   0        22  40
 6  71  49  60   3   5   0 0.00  0.0    0  5.6 12 190   M    M   0        15 180
 7  70  62  66   9   0   1 0.00  0.0    0  5.9 10 240   M    M   4        14 220
 8  73  53  63   5   2   0    T  0.0    0  4.0 15 340   M    M   6        26 330
 9  65  49  57  -1   8   0 0.25    M    0  6.2 16  30   M    M   7        25  20
10  71  57  64   6   1   0 0.00  0.0    0 10.2 18 210   M    M   2        24 210
11  66  55  61   3   4   0 0.34  0.0    0  9.1 21 240   M    M   4        27 230
12  65  53  59   0   6   0 0.00  0.0    0  8.0 15  40   M    M   0        25  40
13  74  56  65   6   0   0    T  0.0    0  8.3 14 100   M    M   1        17 130
14  70  65  68   9   0   3 0.61  0.0    0 11.4 17 200   M    M   7        24 190
15  67  53  60   1   5   0    T  0.0    0 12.1 20  30   M    M   7        33  20
16  70  54  62   2   3   0 0.00  0.0    0 12.2 18 120   M    M   5        25 110
17  74  61  68   8   0   3    T  0.0    0  4.8 17 180   M    M   4        22 180
18  73  60  67   7   0   2    T  0.0    0  3.8 10 120   M    M   1        13  40
19  75  58  67   7   0   2 0.04  0.0    0 12.2 25 160   M    M   6        34 160
20  72  66  69   8   0   4 0.04  0.0    0 14.8 28 170   M    M   4        37 170
21  70  59  65   4   0   0    T  0.0    0 10.4 28 240   M    M   2        37 230
22  71  54  63   2   2   0 0.00  0.0    0 12.0 24 240   M    M   0        34 240
23  65  51  58  -3   7   0 0.00  0.0    0  9.3 25 240   M    M   2        35 240
24  59  46  53  -9  12   0 0.00  0.0    0  8.0 18  20   M    M   0        30  40
25  63  48  56  -6   9   0 0.07    M    0  6.6 13 280   M    M   6        20 230
================================================================================
SM 1712 1342       109  16  1.82     0.0 228.2          M       73
================================================================================
AV 68.5 53.7                               9.1 FASTST   M    M   3    MAX(MPH)
                                 MISC ---->  # 28 170               # 37  170
================================================================================
NOTES:
# LAST OF SEVERAL OCCURRENCES

COLUMN 17 PEAK WIND IN M.P.H.

PRELIMINARY LOCAL CLIMATOLOGICAL DATA (WS FORM: F-6) , PAGE 2

                                          STATION:  CAPE HATTERAS NC
                                          MONTH:    APRIL
                                          YEAR:     2015
                                          LATITUDE:   35 13 N
                                          LONGITUDE:  75 37 W

[TEMPERATURE DATA]      [PRECIPITATION DATA]       SYMBOLS USED IN COLUMN 16

AVERAGE MONTHLY: 61.1   TOTAL FOR MONTH:   1.82    1 = FOG OR MIST
DPTR FM NORMAL:   2.2   DPTR FM NORMAL:   -1.29    2 = FOG REDUCING VISIBILITY
HIGHEST:    75 ON 19    GRTST 24HR  0.61 ON 14-14      TO 1/4 MILE OR LESS
LOWEST:     34 ON  2                               3 = THUNDER
                        SNOW, ICE PELLETS, HAIL    4 = ICE PELLETS
                        TOTAL MONTH:   0.0 INCH    5 = HAIL
                        GRTST 24HR     0.0         6 = FREEZING RAIN OR DRIZZLE
                        GRTST DEPTH:   0           7 = DUSTSTORM OR SANDSTORM:
                                                       VSBY 1/2 MILE OR LESS
                                                   8 = SMOKE OR HAZE
[NO. OF DAYS WITH]      [WEATHER - DAYS WITH]      9 = BLOWING SNOW
                                                   X = TORNADO
MAX 32 OR BELOW:   0    0.01 INCH OR MORE:   7
MAX 90 OR ABOVE:   0    0.10 INCH OR MORE:   4
MIN 32 OR BELOW:   0    0.50 INCH OR MORE:   1
MIN  0 OR BELOW:   0    1.00 INCH OR MORE:   0

[HDD (BASE 65) ]
TOTAL THIS MO.   109    CLEAR  (SCALE 0-3)  13
DPTR FM NORMAL   -63    PTCLDY (SCALE 4-7)  12
TOTAL FM JUL 1  2702    CLOUDY (SCALE 8-10)  0
DPTR FM NORMAL   187

[CDD (BASE 65) ]
TOTAL THIS MO.    16
DPTR FM NORMAL     0    [PRESSURE DATA]
TOTAL FM JAN 1    19    HIGHEST SLP M ON M
DPTR FM NORMAL     0    LOWEST  SLP 29.55 ON 25

[REMARKS]
