000
CXUS53 KDMX 180920
CF6MCW
PRELIMINARY LOCAL CLIMATOLOGICAL DATA (WS FORM: F-6)

                                          STATION:   MASON CITY IA
                                          MONTH:     APRIL
                                          YEAR:      2015
                                          LATITUDE:   43  9 N
                                          LONGITUDE:  93 20 W

  TEMPERATURE IN F:       :PCPN:    SNOW:  WIND      :SUNSHINE: SKY     :PK WND
================================================================================
1   2   3   4   5  6A  6B    7    8   9   10  11  12  13   14  15   16   17  18
                                     12Z  AVG MX 2MIN
DY MAX MIN AVG DEP HDD CDD  WTR  SNW DPTH SPD SPD DIR MIN PSBL S-S WX    SPD DR
================================================================================

 1  81  33  57  17   8   0 0.33    M    0 16.9 37 170   M    M   0 13     46 180
 2  65  41  53  12  12   0 0.42  0.0    0 14.4 25 280   M    M   3 1      31 320
 3  44  25  35  -6  30   0 0.00  0.0    0 16.9 29 330   M    M   3        35 350
 4  61  24  43   1  22   0    T  0.0    0 11.1 29 230   M    M   4        37 230
 5  67  32  50   8  15   0 0.00  0.0    0  7.9 23 230   M    M   1        31 220
 6  57  32  45   3  20   0    T    M    0  9.7 23  70   M    M   8 1      28  60
 7  44  38  41  -2  24   0 0.50  0.0    0 15.9 26  70   M    M  10 13     32  60
 8  48  39  44   1  21   0 0.10  0.0    0 11.7 20 100   M    M  10 123    23 100
 9  44  33  39  -5  26   0 1.02  0.6    0 16.4 26 360   M    M  10 13     33 340
10  51  32  42  -2  23   0 0.00  0.0    0 14.4 31 320   M    M   2        40 310
11  69  31  50   5  15   0 0.00  0.0    0 11.8 22 180   M    M   0        27 200
12  72  46  59  14   6   0    T  0.0    0 17.5 38 300   M    M   3        52 300
13  64  35  50   4  15   0 0.00  0.0    0 14.5 30 290   M    M   0        40 280
14  70  28  49   3  16   0 0.00  0.0    0  6.9 16 160   M    M   0        21 180
15  69  37  53   7  12   0 0.00  0.0    0 12.4 22 130   M    M   1        38 140
16  72  49  61  14   4   0    T  0.0    0  6.2 16 120   M    M   8        20 130
17  78  44  61  14   4   0 0.00  0.0    0  5.5 12 340   M    M   1 18     14 360
================================================================================
SM 1056  599       273   0  2.37     0.6 210.1          M       64
================================================================================
AV 62.1 35.2                              12.4 FASTST   M    M   4    MAX(MPH)
                                 MISC ---->  # 38 300               # 52  300
================================================================================
NOTES:
# LAST OF SEVERAL OCCURRENCES

COLUMN 17 PEAK WIND IN M.P.H.

PRELIMINARY LOCAL CLIMATOLOGICAL DATA (WS FORM: F-6) , PAGE 2

                                          STATION:  MASON CITY IA
                                          MONTH:    APRIL
                                          YEAR:     2015
                                          LATITUDE:   43  9 N
                                          LONGITUDE:  93 20 W

[TEMPERATURE DATA]      [PRECIPITATION DATA]       SYMBOLS USED IN COLUMN 16

AVERAGE MONTHLY: 48.7   TOTAL FOR MONTH:   2.37    1 = FOG OR MIST
DPTR FM NORMAL:   4.9   DPTR FM NORMAL:    0.39    2 = FOG REDUCING VISIBILITY
HIGHEST:    81 ON  1    GRTST 24HR  1.02 ON  9- 9      TO 1/4 MILE OR LESS
LOWEST:     24 ON  4                               3 = THUNDER
                        SNOW, ICE PELLETS, HAIL    4 = ICE PELLETS
                        TOTAL MONTH:   0.6 INCH    5 = HAIL
                        GRTST 24HR   0.6 ON   M    6 = FREEZING RAIN OR DRIZZLE
                        GRTST DEPTH:   0           7 = DUSTSTORM OR SANDSTORM:
                                                       VSBY 1/2 MILE OR LESS
                                                   8 = SMOKE OR HAZE
[NO. OF DAYS WITH]      [WEATHER - DAYS WITH]      9 = BLOWING SNOW
                                                   X = TORNADO
MAX 32 OR BELOW:   0    0.01 INCH OR MORE:   5
MAX 90 OR ABOVE:   0    0.10 INCH OR MORE:   5
MIN 32 OR BELOW:   7    0.50 INCH OR MORE:   2
MIN  0 OR BELOW:   0    1.00 INCH OR MORE:   1

[HDD (BASE 65) ]
TOTAL THIS MO.   273    CLEAR  (SCALE 0-3)  10
DPTR FM NORMAL   -90    PTCLDY (SCALE 4-7)   3
TOTAL FM JUL 1  7257    CLOUDY (SCALE 8-10)  4
DPTR FM NORMAL    49

[CDD (BASE 65) ]
TOTAL THIS MO.     0
DPTR FM NORMAL     0    [PRESSURE DATA]
TOTAL FM JAN 1     0    HIGHEST SLP M ON M
DPTR FM NORMAL     0    LOWEST  SLP 29.50 ON  9

[REMARKS]
