000
CXUS55 KBOU 181109
CF6MNH
PRELIMINARY LOCAL CLIMATOLOGICAL DATA (WS FORM: F-6)

                                          STATION:   ELBERT 6W CO
                                          MONTH:     APRIL
                                          YEAR:      2015
                                          LATITUDE:   39 13 N
                                          LONGITUDE: 104 38 W

  TEMPERATURE IN F:       :PCPN:    SNOW:  WIND      :SUNSHINE: SKY     :PK WND
================================================================================
1   2   3   4   5  6A  6B    7    8   9   10  11  12  13   14  15   16   17  18
                                     12Z  AVG MX 2MIN
DY MAX MIN AVG DEP HDD CDD  WTR  SNW DPTH SPD SPD DIR MIN PSBL S-S WX    SPD DR
================================================================================

 1  63  34  49   M  16   0    M    M    M  7.7 21 310   M    M   2        25 330
 2  48  25  37   M  28   0    M    M    M 14.3 33 170   M    M  10 8      43 170
 3  43  23  33   M  32   0    M    M    M  7.0 13 160   M    M   5         M  M
 4  59  23  41   M  24   0    M    M    M 11.2 18 180   M    M   0        24 170
 5  68  32  50   M  15   0    M    M    M  9.3 20 250   M    M   0        32 240
 6  68  41  55   M  10   0    M    M    M 11.4 23 250   M    M   0        35 270
 7  64  32  48   M  17   0    M    M    M 12.2 30 250   M    M   1 2      37 250
 8  64  30  47   M  18   0    M    M    M 12.3 28 170   M    M   6 123    41 200
 9  43  25  34   M  31   0    M    M    M  8.2 17  10   M    M   8 12     22 360
10  55  30  43   M  22   0    M    M    M  9.7 16 190   M    M   2        30 300
11  63  32  48   M  17   0    M    M    M  6.5 10 230   M    M   2        22 230
12   M   M   M   M   M   M    M    M    M   M   M   M   M    M   M         M  M
13  59  37  48   M  17   0    M    M    M 18.8 22 190   M    M   0        30 180
14  64  34  49   M  16   0    M    M    M 15.4 25 160   M    M   0        33 160
15  61  32  47   M  18   0    M    M    M 14.7 28 230   M    M   2        39 230
16  32  28  30   M  35   0    M    M    M 11.7 16 360   M    M  10 1      21 350
17  45  27  36   M  29   0    M    M    M  5.3 13 320   M    M   8 123     M  M
================================================================================
SM  899  485       345   0    M     M    175.7          M       56
================================================================================
AV 56.2 30.3                              11.0 FASTST   M    M   4    MAX(MPH)
                                 MISC ---->    33   M                 43    M
================================================================================
NOTES:
# LAST OF SEVERAL OCCURRENCES

COLUMN 17 PEAK WIND IN M.P.H.

PRELIMINARY LOCAL CLIMATOLOGICAL DATA (WS FORM: F-6) , PAGE 2

                                          STATION:  ELBERT 6W CO
                                          MONTH:    APRIL
                                          YEAR:     2015
                                          LATITUDE:   39 13 N
                                          LONGITUDE: 104 38 W

[TEMPERATURE DATA]      [PRECIPITATION DATA]       SYMBOLS USED IN COLUMN 16

AVERAGE MONTHLY: 43.2   TOTAL FOR MONTH:      M    1 = FOG OR MIST
DPTR FM NORMAL:     M   DPTR FM NORMAL:       M    2 = FOG REDUCING VISIBILITY
HIGHEST:    68 ON  6, 5 GRTST 24HR    M  ON   M        TO 1/4 MILE OR LESS
LOWEST:     23 ON  4, 3                            3 = THUNDER
                        SNOW, ICE PELLETS, HAIL    4 = ICE PELLETS
                        TOTAL MONTH:    M          5 = HAIL
                        GRTST 24HR    M  ON   M    6 = FREEZING RAIN OR DRIZZLE
                        GRTST DEPTH:  M  ON   M    7 = DUSTSTORM OR SANDSTORM:
                                                       VSBY 1/2 MILE OR LESS
                                                   8 = SMOKE OR HAZE
[NO. OF DAYS WITH]      [WEATHER - DAYS WITH]      9 = BLOWING SNOW
                                                   X = TORNADO
MAX 32 OR BELOW:   1    0.01 INCH OR MORE:   0
MAX 90 OR ABOVE:   0    0.10 INCH OR MORE:   0
MIN 32 OR BELOW:  12    0.50 INCH OR MORE:   0
MIN  0 OR BELOW:   0    1.00 INCH OR MORE:   0

[HDD (BASE 65) ]
TOTAL THIS MO.   345    CLEAR  (SCALE 0-3)  10
DPTR FM NORMAL     M    PTCLDY (SCALE 4-7)   3
TOTAL FM JUL 1  6064    CLOUDY (SCALE 8-10)  3
DPTR FM NORMAL     M

[CDD (BASE 65) ]
TOTAL THIS MO.     0
DPTR FM NORMAL     M    [PRESSURE DATA]
TOTAL FM JAN 1     0    HIGHEST SLP M ON M
DPTR FM NORMAL     M    LOWEST  SLP M ON M

[REMARKS]
