000
CXUS55 KBOI 191002
CF6MYL
PRELIMINARY LOCAL CLIMATOLOGICAL DATA (WS FORM: F-6)

                                          STATION:   MCCALL ID
                                          MONTH:     APRIL
                                          YEAR:      2015
                                          LATITUDE:   44 52 N
                                          LONGITUDE: 116  6 W

  TEMPERATURE IN F:       :PCPN:    SNOW:  WIND      :SUNSHINE: SKY     :PK WND
================================================================================
1   2   3   4   5  6A  6B    7    8   9   10  11  12  13   14  15   16   17  18
                                     12Z  AVG MX 2MIN
DY MAX MIN AVG DEP HDD CDD  WTR  SNW DPTH SPD SPD DIR MIN PSBL S-S WX    SPD DR
================================================================================

 1  38  24  31  -2  34   0 0.05    M    M  4.3 17 300   M    M   7 1      23 290
 2  41  19  30  -3  35   0 0.06    M    M  4.9 17 260   M    M   5 1      23 330
 3  45  18  32  -1  33   0 0.00    M    M  4.7 17 180   M    M   3        25 190
 4  45  31  38   4  27   0    T    M    M  8.1 25 190   M    M   8        30 180
 5  43  29  36   2  29   0 0.07    M    M  3.8 21 190   M    M   8 12     24 190
 6  40  25  33  -1  32   0 0.08    M    M 10.2 30 180   M    M   7 1      34 180
 7  50  20  35   1  30   0 0.00    M    M  4.4 20 180   M    M   3        25 180
 8  51  36  44   9  21   0 0.00    M    M 10.3 20 350   M    M   5        26 350
 9  47  26  37   2  28   0    T    M    M  3.3 15 180   M    M   4        19 120
10  57  25  41   6  24   0 0.00    M    M  5.4 22 190   M    M   3        27 170
11  44  30  37   2  28   0 0.15    M    M  8.0 21 180   M    M   8 13     25 150
12  45  22  34  -2  31   0 0.00    M    M  4.1 15 230   M    M   3        19 230
13  61  24  43   7  22   0 0.00    M    M  6.3 24 180   M    M   1        35 180
14  51  24  38   2  27   0 0.17    M    M 10.3 21 290   M    M   9 128    27 310
15  44  19  32  -4  33   0    T    M    M 10.8 22 350   M    M   2 1      29 340
16  60  21  41   4  24   0 0.00    M    M  6.3 17 270   M    M   0        21 260
17  65  25  45   8  20   0 0.00    M    M  4.2 15 290   M    M   0        20 260
18  61  33  47  10  18   0 0.00    M    M  9.0 20 340   M    M   0        26 360
================================================================================
SM  888  451       496   0  0.58    M    118.4          M       76
================================================================================
AV 49.3 25.1                               6.6 FASTST   M    M   4    MAX(MPH)
                                 MISC ---->  # 30 180               # 35  180
================================================================================
NOTES:
# LAST OF SEVERAL OCCURRENCES

COLUMN 17 PEAK WIND IN M.P.H.

PRELIMINARY LOCAL CLIMATOLOGICAL DATA (WS FORM: F-6) , PAGE 2

                                          STATION:  MCCALL ID
                                          MONTH:    APRIL
                                          YEAR:     2015
                                          LATITUDE:   44 52 N
                                          LONGITUDE: 116  6 W

[TEMPERATURE DATA]      [PRECIPITATION DATA]       SYMBOLS USED IN COLUMN 16

AVERAGE MONTHLY: 37.2   TOTAL FOR MONTH:   0.58    1 = FOG OR MIST
DPTR FM NORMAL:   2.2   DPTR FM NORMAL:   -0.60    2 = FOG REDUCING VISIBILITY
HIGHEST:    65 ON 17    GRTST 24HR  0.17 ON 14-14      TO 1/4 MILE OR LESS
LOWEST:     18 ON  3                               3 = THUNDER
                        SNOW, ICE PELLETS, HAIL    4 = ICE PELLETS
                        TOTAL MONTH:    M          5 = HAIL
                        GRTST 24HR    M  ON   M    6 = FREEZING RAIN OR DRIZZLE
                        GRTST DEPTH:  M  ON   M    7 = DUSTSTORM OR SANDSTORM:
                                                       VSBY 1/2 MILE OR LESS
                                                   8 = SMOKE OR HAZE
[NO. OF DAYS WITH]      [WEATHER - DAYS WITH]      9 = BLOWING SNOW
                                                   X = TORNADO
MAX 32 OR BELOW:   0    0.01 INCH OR MORE:   6
MAX 90 OR ABOVE:   0    0.10 INCH OR MORE:   2
MIN 32 OR BELOW:  16    0.50 INCH OR MORE:   0
MIN  0 OR BELOW:   0    1.00 INCH OR MORE:   0

[HDD (BASE 65) ]
TOTAL THIS MO.   496    CLEAR  (SCALE 0-3)   6
DPTR FM NORMAL   -44    PTCLDY (SCALE 4-7)  10
TOTAL FM JUL 1  6685    CLOUDY (SCALE 8-10)  2
DPTR FM NORMAL -1644

[CDD (BASE 65) ]
TOTAL THIS MO.     0
DPTR FM NORMAL     0    [PRESSURE DATA]
TOTAL FM JAN 1     0    HIGHEST SLP M ON M
DPTR FM NORMAL     0    LOWEST  SLP 29.61 ON 13

[REMARKS]
